{"version":"1.0","provider_name":"Asociaci\u00f3n Creadores de Moda de Espa\u00f1a | ACME","provider_url":"https:\/\/creadores.org\/en\/","author_name":"Felipe","author_url":"https:\/\/creadores.org\/en\/author\/tamara\/","title":"ACME will advise six fashion brands from Moda C\u00e1lida - Asociaci\u00f3n Creadores de Moda de Espa\u00f1a | ACME","type":"rich","width":600,"height":338,"html":"<blockquote class=\"wp-embedded-content\" data-secret=\"vPSFRkGjM7\"><a href=\"https:\/\/creadores.org\/en\/acme-asesorara-seis-firmas-moda-calida\/\">ACME will advise six fashion brands from Moda C\u00e1lida<\/a><\/blockquote><iframe sandbox=\"allow-scripts\" security=\"restricted\" src=\"https:\/\/creadores.org\/en\/acme-asesorara-seis-firmas-moda-calida\/embed\/#?secret=vPSFRkGjM7\" width=\"600\" height=\"338\" title=\"&#8220;ACME will advise six fashion brands from Moda C\u00e1lida&#8221; &#8212; Asociaci\u00f3n Creadores de Moda de Espa\u00f1a | ACME\" data-secret=\"vPSFRkGjM7\" frameborder=\"0\" marginwidth=\"0\" marginheight=\"0\" scrolling=\"no\" class=\"wp-embedded-content\"><\/iframe><script>\n\/*! This file is auto-generated *\/\n!function(d,l){\"use strict\";l.querySelector&&d.addEventListener&&\"undefined\"!=typeof URL&&(d.wp=d.wp||{},d.wp.receiveEmbedMessage||(d.wp.receiveEmbedMessage=function(e){var t=e.data;if((t||t.secret||t.message||t.value)&&!\/[^a-zA-Z0-9]\/.test(t.secret)){for(var s,r,n,a=l.querySelectorAll('iframe[data-secret=\"'+t.secret+'\"]'),o=l.querySelectorAll('blockquote[data-secret=\"'+t.secret+'\"]'),c=new RegExp(\"^https?:$\",\"i\"),i=0;i<o.length;i++)o[i].style.display=\"none\";for(i=0;i<a.length;i++)s=a[i],e.source===s.contentWindow&&(s.removeAttribute(\"style\"),\"height\"===t.message?(1e3<(r=parseInt(t.value,10))?r=1e3:~~r<200&&(r=200),s.height=r):\"link\"===t.message&&(r=new URL(s.getAttribute(\"src\")),n=new URL(t.value),c.test(n.protocol))&&n.host===r.host&&l.activeElement===s&&(d.top.location.href=t.value))}},d.addEventListener(\"message\",d.wp.receiveEmbedMessage,!1),l.addEventListener(\"DOMContentLoaded\",function(){for(var e,t,s=l.querySelectorAll(\"iframe.wp-embedded-content\"),r=0;r<s.length;r++)(t=(e=s[r]).getAttribute(\"data-secret\"))||(t=Math.random().toString(36).substring(2,12),e.src+=\"#?secret=\"+t,e.setAttribute(\"data-secret\",t)),e.contentWindow.postMessage({message:\"ready\",secret:t},\"*\")},!1)))}(window,document);\n\/\/# sourceURL=https:\/\/creadores.org\/wp-includes\/js\/wp-embed.min.js\n<\/script>\n","thumbnail_url":"https:\/\/creadores.org\/src\/uploads\/2019\/02\/ACME_Moda_Calida_-460x422.jpg","thumbnail_width":600,"thumbnail_height":258,"description":"The Asociaci\u00f3n de Creadores de Moda de Espa\u00f1a (ACME) will advise six fashion brands from the Gran Canaria Moda C\u00e1lida program throughout 2019. ACME\u2019S President, Modesto Lomba, and the Minister of Industry of the Cabildo de Gran Canaria, Minerva Alonso, met in the headquarters of the Association with the chosen brands, which will receive personalized [&hellip;]"}

Asociación Creadores de Moda de España | ACME

ACME will advise six fashion brands from Moda Cálida - Asociación Creadores de Moda de España | ACME

<blockquote class="wp-embedded-content" data-secret="vPSFRkGjM7"><a href="https://creadores.org/en/acme-asesorara-seis-firmas-moda-calida/">ACME will advise six fashion brands from Moda Cálida</a></blockquote><iframe sandbox="allow-scripts" security="restricted" src="https://creadores.org/en/acme-asesorara-seis-firmas-moda-calida/embed/#?secret=vPSFRkGjM7" width="600" height="338" title="&#8220;ACME will advise six fashion brands from Moda Cálida&#8221; &#8212; Asociación Creadores de Moda de España | ACME" data-secret="vPSFRkGjM7" frameborder="0" marginwidth="0" marginheight="0" scrolling="no" class="wp-embedded-content"></iframe><script>
/*! This file is auto-generated */
!function(d,l){"use strict";l.querySelector&&d.addEventListener&&"undefined"!=typeof URL&&(d.wp=d.wp||{},d.wp.receiveEmbedMessage||(d.wp.receiveEmbedMessage=function(e){var t=e.data;if((t||t.secret||t.message||t.value)&&!/[^a-zA-Z0-9]/.test(t.secret)){for(var s,r,n,a=l.querySelectorAll('iframe[data-secret="'+t.secret+'"]'),o=l.querySelectorAll('blockquote[data-secret="'+t.secret+'"]'),c=new RegExp("^https?:$","i"),i=0;i<o.length;i++)o[i].style.display="none";for(i=0;i<a.length;i++)s=a[i],e.source===s.contentWindow&&(s.removeAttribute("style"),"height"===t.message?(1e3<(r=parseInt(t.value,10))?r=1e3:~~r<200&&(r=200),s.height=r):"link"===t.message&&(r=new URL(s.getAttribute("src")),n=new URL(t.value),c.test(n.protocol))&&n.host===r.host&&l.activeElement===s&&(d.top.location.href=t.value))}},d.addEventListener("message",d.wp.receiveEmbedMessage,!1),l.addEventListener("DOMContentLoaded",function(){for(var e,t,s=l.querySelectorAll("iframe.wp-embedded-content"),r=0;r<s.length;r++)(t=(e=s[r]).getAttribute("data-secret"))||(t=Math.random().toString(36).substring(2,12),e.src+="#?secret="+t,e.setAttribute("data-secret",t)),e.contentWindow.postMessage({message:"ready",secret:t},"*")},!1)))}(window,document);
//# sourceURL=https://creadores.org/wp-includes/js/wp-embed.min.js
</script>

The Asociación de Creadores de Moda de España (ACME) will advise six fashion brands from the Gran Canaria Moda Cálida program throughout 2019. ACME’S President, Modesto Lomba, and the Minister of Industry of the Cabildo de Gran Canaria, Minerva Alonso, met in the headquarters of the Association with the chosen brands, which will receive personalized [&hellip;]
