{"version":"1.0","provider_name":"Asociaci\u00f3n Creadores de Moda de Espa\u00f1a | ACME","provider_url":"https:\/\/creadores.org\/en\/","author_name":"Felipe","author_url":"https:\/\/creadores.org\/en\/author\/tamara\/","title":"Andres Sard\u00e1 opens point of sale in Barcelona - Asociaci\u00f3n Creadores de Moda de Espa\u00f1a | ACME","type":"rich","width":600,"height":338,"html":"<blockquote class=\"wp-embedded-content\" data-secret=\"v3UA2SLzSe\"><a href=\"https:\/\/creadores.org\/en\/andres-sarda-estrena-punto-de-venta-en-barcelona\/\">Andres Sard\u00e1 opens point of sale in Barcelona<\/a><\/blockquote><iframe sandbox=\"allow-scripts\" security=\"restricted\" src=\"https:\/\/creadores.org\/en\/andres-sarda-estrena-punto-de-venta-en-barcelona\/embed\/#?secret=v3UA2SLzSe\" width=\"600\" height=\"338\" title=\"&#8220;Andres Sard\u00e1 opens point of sale in Barcelona&#8221; &#8212; Asociaci\u00f3n Creadores de Moda de Espa\u00f1a | ACME\" data-secret=\"v3UA2SLzSe\" frameborder=\"0\" marginwidth=\"0\" marginheight=\"0\" scrolling=\"no\" class=\"wp-embedded-content\"><\/iframe><script>\n\/*! This file is auto-generated *\/\n!function(d,l){\"use strict\";l.querySelector&&d.addEventListener&&\"undefined\"!=typeof URL&&(d.wp=d.wp||{},d.wp.receiveEmbedMessage||(d.wp.receiveEmbedMessage=function(e){var t=e.data;if((t||t.secret||t.message||t.value)&&!\/[^a-zA-Z0-9]\/.test(t.secret)){for(var s,r,n,a=l.querySelectorAll('iframe[data-secret=\"'+t.secret+'\"]'),o=l.querySelectorAll('blockquote[data-secret=\"'+t.secret+'\"]'),c=new RegExp(\"^https?:$\",\"i\"),i=0;i<o.length;i++)o[i].style.display=\"none\";for(i=0;i<a.length;i++)s=a[i],e.source===s.contentWindow&&(s.removeAttribute(\"style\"),\"height\"===t.message?(1e3<(r=parseInt(t.value,10))?r=1e3:~~r<200&&(r=200),s.height=r):\"link\"===t.message&&(r=new URL(s.getAttribute(\"src\")),n=new URL(t.value),c.test(n.protocol))&&n.host===r.host&&l.activeElement===s&&(d.top.location.href=t.value))}},d.addEventListener(\"message\",d.wp.receiveEmbedMessage,!1),l.addEventListener(\"DOMContentLoaded\",function(){for(var e,t,s=l.querySelectorAll(\"iframe.wp-embedded-content\"),r=0;r<s.length;r++)(t=(e=s[r]).getAttribute(\"data-secret\"))||(t=Math.random().toString(36).substring(2,12),e.src+=\"#?secret=\"+t,e.setAttribute(\"data-secret\",t)),e.contentWindow.postMessage({message:\"ready\",secret:t},\"*\")},!1)))}(window,document);\n\/\/# sourceURL=https:\/\/creadores.org\/wp-includes\/js\/wp-embed.min.js\n<\/script>\n","thumbnail_url":"https:\/\/creadores.org\/src\/uploads\/2015\/03\/Boutique-Andres-Sarda-fachada.jpg","thumbnail_width":600,"thumbnail_height":257,"description":"Andr\u00e9s Sard\u00e1\u00a0\u00a0has opened its own point of sale in Barcelona. The store is located at calle Valencia 272, at the corner with Passeig de Gr\u00e0cia. With this move, the firm has\u00a0established itself in its town of origin, to which it has been closely linked since its beginnings, as indicated in its logo: &#8220;designed in Barcelona&#8221;. [&hellip;]"}

Asociación Creadores de Moda de España | ACME

Andres Sardá opens point of sale in Barcelona - Asociación Creadores de Moda de España | ACME

<blockquote class="wp-embedded-content" data-secret="v3UA2SLzSe"><a href="https://creadores.org/en/andres-sarda-estrena-punto-de-venta-en-barcelona/">Andres Sardá opens point of sale in Barcelona</a></blockquote><iframe sandbox="allow-scripts" security="restricted" src="https://creadores.org/en/andres-sarda-estrena-punto-de-venta-en-barcelona/embed/#?secret=v3UA2SLzSe" width="600" height="338" title="&#8220;Andres Sardá opens point of sale in Barcelona&#8221; &#8212; Asociación Creadores de Moda de España | ACME" data-secret="v3UA2SLzSe" frameborder="0" marginwidth="0" marginheight="0" scrolling="no" class="wp-embedded-content"></iframe><script>
/*! This file is auto-generated */
!function(d,l){"use strict";l.querySelector&&d.addEventListener&&"undefined"!=typeof URL&&(d.wp=d.wp||{},d.wp.receiveEmbedMessage||(d.wp.receiveEmbedMessage=function(e){var t=e.data;if((t||t.secret||t.message||t.value)&&!/[^a-zA-Z0-9]/.test(t.secret)){for(var s,r,n,a=l.querySelectorAll('iframe[data-secret="'+t.secret+'"]'),o=l.querySelectorAll('blockquote[data-secret="'+t.secret+'"]'),c=new RegExp("^https?:$","i"),i=0;i<o.length;i++)o[i].style.display="none";for(i=0;i<a.length;i++)s=a[i],e.source===s.contentWindow&&(s.removeAttribute("style"),"height"===t.message?(1e3<(r=parseInt(t.value,10))?r=1e3:~~r<200&&(r=200),s.height=r):"link"===t.message&&(r=new URL(s.getAttribute("src")),n=new URL(t.value),c.test(n.protocol))&&n.host===r.host&&l.activeElement===s&&(d.top.location.href=t.value))}},d.addEventListener("message",d.wp.receiveEmbedMessage,!1),l.addEventListener("DOMContentLoaded",function(){for(var e,t,s=l.querySelectorAll("iframe.wp-embedded-content"),r=0;r<s.length;r++)(t=(e=s[r]).getAttribute("data-secret"))||(t=Math.random().toString(36).substring(2,12),e.src+="#?secret="+t,e.setAttribute("data-secret",t)),e.contentWindow.postMessage({message:"ready",secret:t},"*")},!1)))}(window,document);
//# sourceURL=https://creadores.org/wp-includes/js/wp-embed.min.js
</script>

Andrés Sardá  has opened its own point of sale in Barcelona. The store is located at calle Valencia 272, at the corner with Passeig de Gràcia. With this move, the firm has established itself in its town of origin, to which it has been closely linked since its beginnings, as indicated in its logo: &#8220;designed in Barcelona&#8221;. [&hellip;]
