{"version":"1.0","provider_name":"Asociaci\u00f3n Creadores de Moda de Espa\u00f1a | ACME","provider_url":"https:\/\/creadores.org\/en\/","author_name":"Felipe","author_url":"https:\/\/creadores.org\/en\/author\/tamara\/","title":"El compromiso y la solidaridad de Mar\u00eda Lafuente - Asociaci\u00f3n Creadores de Moda de Espa\u00f1a | ACME","type":"rich","width":600,"height":338,"html":"<blockquote class=\"wp-embedded-content\" data-secret=\"v4TQxWvWNq\"><a href=\"https:\/\/creadores.org\/en\/compromiso-la-solidaridad-maria-lafuente\/\">El compromiso y la solidaridad de Mar\u00eda Lafuente<\/a><\/blockquote><iframe sandbox=\"allow-scripts\" security=\"restricted\" src=\"https:\/\/creadores.org\/en\/compromiso-la-solidaridad-maria-lafuente\/embed\/#?secret=v4TQxWvWNq\" width=\"600\" height=\"338\" title=\"&#8220;El compromiso y la solidaridad de Mar\u00eda Lafuente&#8221; &#8212; Asociaci\u00f3n Creadores de Moda de Espa\u00f1a | ACME\" data-secret=\"v4TQxWvWNq\" frameborder=\"0\" marginwidth=\"0\" marginheight=\"0\" scrolling=\"no\" class=\"wp-embedded-content\"><\/iframe><script>\n\/*! This file is auto-generated *\/\n!function(d,l){\"use strict\";l.querySelector&&d.addEventListener&&\"undefined\"!=typeof URL&&(d.wp=d.wp||{},d.wp.receiveEmbedMessage||(d.wp.receiveEmbedMessage=function(e){var t=e.data;if((t||t.secret||t.message||t.value)&&!\/[^a-zA-Z0-9]\/.test(t.secret)){for(var s,r,n,a=l.querySelectorAll('iframe[data-secret=\"'+t.secret+'\"]'),o=l.querySelectorAll('blockquote[data-secret=\"'+t.secret+'\"]'),c=new RegExp(\"^https?:$\",\"i\"),i=0;i<o.length;i++)o[i].style.display=\"none\";for(i=0;i<a.length;i++)s=a[i],e.source===s.contentWindow&&(s.removeAttribute(\"style\"),\"height\"===t.message?(1e3<(r=parseInt(t.value,10))?r=1e3:~~r<200&&(r=200),s.height=r):\"link\"===t.message&&(r=new URL(s.getAttribute(\"src\")),n=new URL(t.value),c.test(n.protocol))&&n.host===r.host&&l.activeElement===s&&(d.top.location.href=t.value))}},d.addEventListener(\"message\",d.wp.receiveEmbedMessage,!1),l.addEventListener(\"DOMContentLoaded\",function(){for(var e,t,s=l.querySelectorAll(\"iframe.wp-embedded-content\"),r=0;r<s.length;r++)(t=(e=s[r]).getAttribute(\"data-secret\"))||(t=Math.random().toString(36).substring(2,12),e.src+=\"#?secret=\"+t,e.setAttribute(\"data-secret\",t)),e.contentWindow.postMessage({message:\"ready\",secret:t},\"*\")},!1)))}(window,document);\n\/\/# sourceURL=https:\/\/creadores.org\/wp-includes\/js\/wp-embed.min.js\n<\/script>\n","thumbnail_url":"https:\/\/creadores.org\/wp-content\/uploads\/2019\/07\/maria-lafuente-la-nave-mem-julio-19-web-01.jpg","thumbnail_width":1600,"thumbnail_height":1068,"description":"MAR\u00cdA LAFUENTE es una de las dise\u00f1adoras espa\u00f1olas m\u00e1s comprometidas con la sostenibilidad y la moda responsable. Todos sus desfiles hacen gala de ello, adem\u00e1s de llevar intr\u00ednseco un mensaje solidario con el que la leonesa busca concienciar a su p\u00fablico. Con Alquimia, su propuesta primavera-verano 2020 presentada en la Nave Boetticher, la creadora sube [&hellip;]"}

Asociación Creadores de Moda de España | ACME

El compromiso y la solidaridad de María Lafuente - Asociación Creadores de Moda de España | ACME

<blockquote class="wp-embedded-content" data-secret="v4TQxWvWNq"><a href="https://creadores.org/en/compromiso-la-solidaridad-maria-lafuente/">El compromiso y la solidaridad de María Lafuente</a></blockquote><iframe sandbox="allow-scripts" security="restricted" src="https://creadores.org/en/compromiso-la-solidaridad-maria-lafuente/embed/#?secret=v4TQxWvWNq" width="600" height="338" title="&#8220;El compromiso y la solidaridad de María Lafuente&#8221; &#8212; Asociación Creadores de Moda de España | ACME" data-secret="v4TQxWvWNq" frameborder="0" marginwidth="0" marginheight="0" scrolling="no" class="wp-embedded-content"></iframe><script>
/*! This file is auto-generated */
!function(d,l){"use strict";l.querySelector&&d.addEventListener&&"undefined"!=typeof URL&&(d.wp=d.wp||{},d.wp.receiveEmbedMessage||(d.wp.receiveEmbedMessage=function(e){var t=e.data;if((t||t.secret||t.message||t.value)&&!/[^a-zA-Z0-9]/.test(t.secret)){for(var s,r,n,a=l.querySelectorAll('iframe[data-secret="'+t.secret+'"]'),o=l.querySelectorAll('blockquote[data-secret="'+t.secret+'"]'),c=new RegExp("^https?:$","i"),i=0;i<o.length;i++)o[i].style.display="none";for(i=0;i<a.length;i++)s=a[i],e.source===s.contentWindow&&(s.removeAttribute("style"),"height"===t.message?(1e3<(r=parseInt(t.value,10))?r=1e3:~~r<200&&(r=200),s.height=r):"link"===t.message&&(r=new URL(s.getAttribute("src")),n=new URL(t.value),c.test(n.protocol))&&n.host===r.host&&l.activeElement===s&&(d.top.location.href=t.value))}},d.addEventListener("message",d.wp.receiveEmbedMessage,!1),l.addEventListener("DOMContentLoaded",function(){for(var e,t,s=l.querySelectorAll("iframe.wp-embedded-content"),r=0;r<s.length;r++)(t=(e=s[r]).getAttribute("data-secret"))||(t=Math.random().toString(36).substring(2,12),e.src+="#?secret="+t,e.setAttribute("data-secret",t)),e.contentWindow.postMessage({message:"ready",secret:t},"*")},!1)))}(window,document);
//# sourceURL=https://creadores.org/wp-includes/js/wp-embed.min.js
</script>

MARÍA LAFUENTE es una de las diseñadoras españolas más comprometidas con la sostenibilidad y la moda responsable. Todos sus desfiles hacen gala de ello, además de llevar intrínseco un mensaje solidario con el que la leonesa busca concienciar a su público. Con Alquimia, su propuesta primavera-verano 2020 presentada en la Nave Boetticher, la creadora sube [&hellip;]
