{"version":"1.0","provider_name":"Asociaci\u00f3n Creadores de Moda de Espa\u00f1a | ACME","provider_url":"https:\/\/creadores.org\/en\/","author_name":"Felipe","author_url":"https:\/\/creadores.org\/en\/author\/tamara\/","title":"Convocatoria Semaine des Cr\u00e9ateurs de Paris - Asociaci\u00f3n Creadores de Moda de Espa\u00f1a | ACME","type":"rich","width":600,"height":338,"html":"<blockquote class=\"wp-embedded-content\" data-secret=\"M3G7Zb1xel\"><a href=\"https:\/\/creadores.org\/en\/convocatoria-semaine-des-createurs-de-paris\/\">Convocatoria Semaine des Cr\u00e9ateurs de Paris<\/a><\/blockquote><iframe sandbox=\"allow-scripts\" security=\"restricted\" src=\"https:\/\/creadores.org\/en\/convocatoria-semaine-des-createurs-de-paris\/embed\/#?secret=M3G7Zb1xel\" width=\"600\" height=\"338\" title=\"&#8220;Convocatoria Semaine des Cr\u00e9ateurs de Paris&#8221; &#8212; Asociaci\u00f3n Creadores de Moda de Espa\u00f1a | ACME\" data-secret=\"M3G7Zb1xel\" frameborder=\"0\" marginwidth=\"0\" marginheight=\"0\" scrolling=\"no\" class=\"wp-embedded-content\"><\/iframe><script>\n\/*! This file is auto-generated *\/\n!function(d,l){\"use strict\";l.querySelector&&d.addEventListener&&\"undefined\"!=typeof URL&&(d.wp=d.wp||{},d.wp.receiveEmbedMessage||(d.wp.receiveEmbedMessage=function(e){var t=e.data;if((t||t.secret||t.message||t.value)&&!\/[^a-zA-Z0-9]\/.test(t.secret)){for(var s,r,n,a=l.querySelectorAll('iframe[data-secret=\"'+t.secret+'\"]'),o=l.querySelectorAll('blockquote[data-secret=\"'+t.secret+'\"]'),c=new RegExp(\"^https?:$\",\"i\"),i=0;i<o.length;i++)o[i].style.display=\"none\";for(i=0;i<a.length;i++)s=a[i],e.source===s.contentWindow&&(s.removeAttribute(\"style\"),\"height\"===t.message?(1e3<(r=parseInt(t.value,10))?r=1e3:~~r<200&&(r=200),s.height=r):\"link\"===t.message&&(r=new URL(s.getAttribute(\"src\")),n=new URL(t.value),c.test(n.protocol))&&n.host===r.host&&l.activeElement===s&&(d.top.location.href=t.value))}},d.addEventListener(\"message\",d.wp.receiveEmbedMessage,!1),l.addEventListener(\"DOMContentLoaded\",function(){for(var e,t,s=l.querySelectorAll(\"iframe.wp-embedded-content\"),r=0;r<s.length;r++)(t=(e=s[r]).getAttribute(\"data-secret\"))||(t=Math.random().toString(36).substring(2,12),e.src+=\"#?secret=\"+t,e.setAttribute(\"data-secret\",t)),e.contentWindow.postMessage({message:\"ready\",secret:t},\"*\")},!1)))}(window,document);\n\/\/# sourceURL=https:\/\/creadores.org\/wp-includes\/js\/wp-embed.min.js\n<\/script>\n","thumbnail_url":"https:\/\/creadores.org\/wp-content\/uploads\/2014\/05\/principal-convocatoria.jpg","thumbnail_width":960,"thumbnail_height":412,"description":"ICEX Espa\u00f1a Exportaci\u00f3n e Inversiones apoya la participaci\u00f3n en las ferias internacionales que se desarrollan durante la Semaine des Cr\u00e9ateurs de Paris, que celebran su pr\u00f3xima edici\u00f3n del 24 al 30 de septiembre de 2014. La Asociaci\u00f3n Creadores de Moda de Espa\u00f1a\u00a0coordina un a\u00f1o m\u00e1s la participaci\u00f3n de los dise\u00f1adores espa\u00f1oles, sean asociados o no. [&hellip;]"}

Asociación Creadores de Moda de España | ACME

Convocatoria Semaine des Créateurs de Paris - Asociación Creadores de Moda de España | ACME

<blockquote class="wp-embedded-content" data-secret="M3G7Zb1xel"><a href="https://creadores.org/en/convocatoria-semaine-des-createurs-de-paris/">Convocatoria Semaine des Créateurs de Paris</a></blockquote><iframe sandbox="allow-scripts" security="restricted" src="https://creadores.org/en/convocatoria-semaine-des-createurs-de-paris/embed/#?secret=M3G7Zb1xel" width="600" height="338" title="&#8220;Convocatoria Semaine des Créateurs de Paris&#8221; &#8212; Asociación Creadores de Moda de España | ACME" data-secret="M3G7Zb1xel" frameborder="0" marginwidth="0" marginheight="0" scrolling="no" class="wp-embedded-content"></iframe><script>
/*! This file is auto-generated */
!function(d,l){"use strict";l.querySelector&&d.addEventListener&&"undefined"!=typeof URL&&(d.wp=d.wp||{},d.wp.receiveEmbedMessage||(d.wp.receiveEmbedMessage=function(e){var t=e.data;if((t||t.secret||t.message||t.value)&&!/[^a-zA-Z0-9]/.test(t.secret)){for(var s,r,n,a=l.querySelectorAll('iframe[data-secret="'+t.secret+'"]'),o=l.querySelectorAll('blockquote[data-secret="'+t.secret+'"]'),c=new RegExp("^https?:$","i"),i=0;i<o.length;i++)o[i].style.display="none";for(i=0;i<a.length;i++)s=a[i],e.source===s.contentWindow&&(s.removeAttribute("style"),"height"===t.message?(1e3<(r=parseInt(t.value,10))?r=1e3:~~r<200&&(r=200),s.height=r):"link"===t.message&&(r=new URL(s.getAttribute("src")),n=new URL(t.value),c.test(n.protocol))&&n.host===r.host&&l.activeElement===s&&(d.top.location.href=t.value))}},d.addEventListener("message",d.wp.receiveEmbedMessage,!1),l.addEventListener("DOMContentLoaded",function(){for(var e,t,s=l.querySelectorAll("iframe.wp-embedded-content"),r=0;r<s.length;r++)(t=(e=s[r]).getAttribute("data-secret"))||(t=Math.random().toString(36).substring(2,12),e.src+="#?secret="+t,e.setAttribute("data-secret",t)),e.contentWindow.postMessage({message:"ready",secret:t},"*")},!1)))}(window,document);
//# sourceURL=https://creadores.org/wp-includes/js/wp-embed.min.js
</script>

ICEX España Exportación e Inversiones apoya la participación en las ferias internacionales que se desarrollan durante la Semaine des Créateurs de Paris, que celebran su próxima edición del 24 al 30 de septiembre de 2014. La Asociación Creadores de Moda de España coordina un año más la participación de los diseñadores españoles, sean asociados o no. [&hellip;]
