{"version":"1.0","provider_name":"Asociaci\u00f3n Creadores de Moda de Espa\u00f1a | ACME","provider_url":"https:\/\/creadores.org\/en\/","author_name":"Felipe","author_url":"https:\/\/creadores.org\/en\/author\/tamara\/","title":"C\u00f3rdoba pays homage to Elio Berhanyer - Asociaci\u00f3n Creadores de Moda de Espa\u00f1a | ACME","type":"rich","width":600,"height":338,"html":"<blockquote class=\"wp-embedded-content\" data-secret=\"HUQDSmeU93\"><a href=\"https:\/\/creadores.org\/en\/cordoba-rinde-homenaje-elio-berhanyer\/\">C\u00f3rdoba pays homage to Elio Berhanyer<\/a><\/blockquote><iframe sandbox=\"allow-scripts\" security=\"restricted\" src=\"https:\/\/creadores.org\/en\/cordoba-rinde-homenaje-elio-berhanyer\/embed\/#?secret=HUQDSmeU93\" width=\"600\" height=\"338\" title=\"&#8220;C\u00f3rdoba pays homage to Elio Berhanyer&#8221; &#8212; Asociaci\u00f3n Creadores de Moda de Espa\u00f1a | ACME\" data-secret=\"HUQDSmeU93\" frameborder=\"0\" marginwidth=\"0\" marginheight=\"0\" scrolling=\"no\" class=\"wp-embedded-content\"><\/iframe><script>\n\/*! This file is auto-generated *\/\n!function(d,l){\"use strict\";l.querySelector&&d.addEventListener&&\"undefined\"!=typeof URL&&(d.wp=d.wp||{},d.wp.receiveEmbedMessage||(d.wp.receiveEmbedMessage=function(e){var t=e.data;if((t||t.secret||t.message||t.value)&&!\/[^a-zA-Z0-9]\/.test(t.secret)){for(var s,r,n,a=l.querySelectorAll('iframe[data-secret=\"'+t.secret+'\"]'),o=l.querySelectorAll('blockquote[data-secret=\"'+t.secret+'\"]'),c=new RegExp(\"^https?:$\",\"i\"),i=0;i<o.length;i++)o[i].style.display=\"none\";for(i=0;i<a.length;i++)s=a[i],e.source===s.contentWindow&&(s.removeAttribute(\"style\"),\"height\"===t.message?(1e3<(r=parseInt(t.value,10))?r=1e3:~~r<200&&(r=200),s.height=r):\"link\"===t.message&&(r=new URL(s.getAttribute(\"src\")),n=new URL(t.value),c.test(n.protocol))&&n.host===r.host&&l.activeElement===s&&(d.top.location.href=t.value))}},d.addEventListener(\"message\",d.wp.receiveEmbedMessage,!1),l.addEventListener(\"DOMContentLoaded\",function(){for(var e,t,s=l.querySelectorAll(\"iframe.wp-embedded-content\"),r=0;r<s.length;r++)(t=(e=s[r]).getAttribute(\"data-secret\"))||(t=Math.random().toString(36).substring(2,12),e.src+=\"#?secret=\"+t,e.setAttribute(\"data-secret\",t)),e.contentWindow.postMessage({message:\"ready\",secret:t},\"*\")},!1)))}(window,document);\n\/\/# sourceURL=https:\/\/creadores.org\/wp-includes\/js\/wp-embed.min.js\n<\/script>\n","thumbnail_url":"https:\/\/creadores.org\/wp-content\/uploads\/2017\/12\/Homenaje_Elio-Berhanyer_cordoba-8-460x307.jpg","thumbnail_width":600,"thumbnail_height":258,"description":"The city of C\u00f3rdoba pays homage to one of its most illustrious sons, designer Elio Berhanyer. The business association Centro C\u00f3rdoba has been the driving force of this event, which has enjoyed the collaboration of the Asociaci\u00f3n de Creadores de Moda de Espa\u00f1a. With his charisma and work, Elio Berhanyer has spread the image of [&hellip;]"}

Asociación Creadores de Moda de España | ACME

Córdoba pays homage to Elio Berhanyer - Asociación Creadores de Moda de España | ACME

<blockquote class="wp-embedded-content" data-secret="HUQDSmeU93"><a href="https://creadores.org/en/cordoba-rinde-homenaje-elio-berhanyer/">Córdoba pays homage to Elio Berhanyer</a></blockquote><iframe sandbox="allow-scripts" security="restricted" src="https://creadores.org/en/cordoba-rinde-homenaje-elio-berhanyer/embed/#?secret=HUQDSmeU93" width="600" height="338" title="&#8220;Córdoba pays homage to Elio Berhanyer&#8221; &#8212; Asociación Creadores de Moda de España | ACME" data-secret="HUQDSmeU93" frameborder="0" marginwidth="0" marginheight="0" scrolling="no" class="wp-embedded-content"></iframe><script>
/*! This file is auto-generated */
!function(d,l){"use strict";l.querySelector&&d.addEventListener&&"undefined"!=typeof URL&&(d.wp=d.wp||{},d.wp.receiveEmbedMessage||(d.wp.receiveEmbedMessage=function(e){var t=e.data;if((t||t.secret||t.message||t.value)&&!/[^a-zA-Z0-9]/.test(t.secret)){for(var s,r,n,a=l.querySelectorAll('iframe[data-secret="'+t.secret+'"]'),o=l.querySelectorAll('blockquote[data-secret="'+t.secret+'"]'),c=new RegExp("^https?:$","i"),i=0;i<o.length;i++)o[i].style.display="none";for(i=0;i<a.length;i++)s=a[i],e.source===s.contentWindow&&(s.removeAttribute("style"),"height"===t.message?(1e3<(r=parseInt(t.value,10))?r=1e3:~~r<200&&(r=200),s.height=r):"link"===t.message&&(r=new URL(s.getAttribute("src")),n=new URL(t.value),c.test(n.protocol))&&n.host===r.host&&l.activeElement===s&&(d.top.location.href=t.value))}},d.addEventListener("message",d.wp.receiveEmbedMessage,!1),l.addEventListener("DOMContentLoaded",function(){for(var e,t,s=l.querySelectorAll("iframe.wp-embedded-content"),r=0;r<s.length;r++)(t=(e=s[r]).getAttribute("data-secret"))||(t=Math.random().toString(36).substring(2,12),e.src+="#?secret="+t,e.setAttribute("data-secret",t)),e.contentWindow.postMessage({message:"ready",secret:t},"*")},!1)))}(window,document);
//# sourceURL=https://creadores.org/wp-includes/js/wp-embed.min.js
</script>

The city of Córdoba pays homage to one of its most illustrious sons, designer Elio Berhanyer. The business association Centro Córdoba has been the driving force of this event, which has enjoyed the collaboration of the Asociación de Creadores de Moda de España. With his charisma and work, Elio Berhanyer has spread the image of [&hellip;]
