{"version":"1.0","provider_name":"Asociaci\u00f3n Creadores de Moda de Espa\u00f1a | ACME","provider_url":"https:\/\/creadores.org\/en\/","author_name":"Felipe","author_url":"https:\/\/creadores.org\/en\/author\/tamara\/","title":"El Museo Thyssen-Bornemisza en Madrid es Moda - Asociaci\u00f3n Creadores de Moda de Espa\u00f1a | ACME","type":"rich","width":600,"height":338,"html":"<blockquote class=\"wp-embedded-content\" data-secret=\"v8vPcqDwWM\"><a href=\"https:\/\/creadores.org\/en\/el-museo-thysseh-bornemisza-en-madrid-es-moda\/\">El Museo Thyssen-Bornemisza en Madrid es Moda<\/a><\/blockquote><iframe sandbox=\"allow-scripts\" security=\"restricted\" src=\"https:\/\/creadores.org\/en\/el-museo-thysseh-bornemisza-en-madrid-es-moda\/embed\/#?secret=v8vPcqDwWM\" width=\"600\" height=\"338\" title=\"&#8220;El Museo Thyssen-Bornemisza en Madrid es Moda&#8221; &#8212; Asociaci\u00f3n Creadores de Moda de Espa\u00f1a | ACME\" data-secret=\"v8vPcqDwWM\" frameborder=\"0\" marginwidth=\"0\" marginheight=\"0\" scrolling=\"no\" class=\"wp-embedded-content\"><\/iframe><script>\n\/*! This file is auto-generated *\/\n!function(d,l){\"use strict\";l.querySelector&&d.addEventListener&&\"undefined\"!=typeof URL&&(d.wp=d.wp||{},d.wp.receiveEmbedMessage||(d.wp.receiveEmbedMessage=function(e){var t=e.data;if((t||t.secret||t.message||t.value)&&!\/[^a-zA-Z0-9]\/.test(t.secret)){for(var s,r,n,a=l.querySelectorAll('iframe[data-secret=\"'+t.secret+'\"]'),o=l.querySelectorAll('blockquote[data-secret=\"'+t.secret+'\"]'),c=new RegExp(\"^https?:$\",\"i\"),i=0;i<o.length;i++)o[i].style.display=\"none\";for(i=0;i<a.length;i++)s=a[i],e.source===s.contentWindow&&(s.removeAttribute(\"style\"),\"height\"===t.message?(1e3<(r=parseInt(t.value,10))?r=1e3:~~r<200&&(r=200),s.height=r):\"link\"===t.message&&(r=new URL(s.getAttribute(\"src\")),n=new URL(t.value),c.test(n.protocol))&&n.host===r.host&&l.activeElement===s&&(d.top.location.href=t.value))}},d.addEventListener(\"message\",d.wp.receiveEmbedMessage,!1),l.addEventListener(\"DOMContentLoaded\",function(){for(var e,t,s=l.querySelectorAll(\"iframe.wp-embedded-content\"),r=0;r<s.length;r++)(t=(e=s[r]).getAttribute(\"data-secret\"))||(t=Math.random().toString(36).substring(2,12),e.src+=\"#?secret=\"+t,e.setAttribute(\"data-secret\",t)),e.contentWindow.postMessage({message:\"ready\",secret:t},\"*\")},!1)))}(window,document);\n\/\/# sourceURL=https:\/\/creadores.org\/wp-includes\/js\/wp-embed.min.js\n<\/script>\n","thumbnail_url":"https:\/\/creadores.org\/wp-content\/uploads\/2015\/09\/quappi_beckmann_thyssen_mu464x1969.19x_c.jpg_1306973099.jpg","thumbnail_width":660,"thumbnail_height":365,"description":"Si hablamos de\u00a0arte y moda, irremediablemente nos viene a la cabeza el Museo Thyssen-Bornemisza. La instituci\u00f3n ha querido sumarse a\u00a0Madrid es Moda, de la mano de Las Rozas Village, con un recorrido por las piezas de su\u00a0Colecci\u00f3n\u00a0que mejor recogen la evoluci\u00f3n hist\u00f3rica de la indumentaria. Este itinerario es gratuito y est\u00e1 abierto\u00a0del 18 al 21 [&hellip;]"}

Asociación Creadores de Moda de España | ACME

El Museo Thyssen-Bornemisza en Madrid es Moda - Asociación Creadores de Moda de España | ACME

<blockquote class="wp-embedded-content" data-secret="v8vPcqDwWM"><a href="https://creadores.org/en/el-museo-thysseh-bornemisza-en-madrid-es-moda/">El Museo Thyssen-Bornemisza en Madrid es Moda</a></blockquote><iframe sandbox="allow-scripts" security="restricted" src="https://creadores.org/en/el-museo-thysseh-bornemisza-en-madrid-es-moda/embed/#?secret=v8vPcqDwWM" width="600" height="338" title="&#8220;El Museo Thyssen-Bornemisza en Madrid es Moda&#8221; &#8212; Asociación Creadores de Moda de España | ACME" data-secret="v8vPcqDwWM" frameborder="0" marginwidth="0" marginheight="0" scrolling="no" class="wp-embedded-content"></iframe><script>
/*! This file is auto-generated */
!function(d,l){"use strict";l.querySelector&&d.addEventListener&&"undefined"!=typeof URL&&(d.wp=d.wp||{},d.wp.receiveEmbedMessage||(d.wp.receiveEmbedMessage=function(e){var t=e.data;if((t||t.secret||t.message||t.value)&&!/[^a-zA-Z0-9]/.test(t.secret)){for(var s,r,n,a=l.querySelectorAll('iframe[data-secret="'+t.secret+'"]'),o=l.querySelectorAll('blockquote[data-secret="'+t.secret+'"]'),c=new RegExp("^https?:$","i"),i=0;i<o.length;i++)o[i].style.display="none";for(i=0;i<a.length;i++)s=a[i],e.source===s.contentWindow&&(s.removeAttribute("style"),"height"===t.message?(1e3<(r=parseInt(t.value,10))?r=1e3:~~r<200&&(r=200),s.height=r):"link"===t.message&&(r=new URL(s.getAttribute("src")),n=new URL(t.value),c.test(n.protocol))&&n.host===r.host&&l.activeElement===s&&(d.top.location.href=t.value))}},d.addEventListener("message",d.wp.receiveEmbedMessage,!1),l.addEventListener("DOMContentLoaded",function(){for(var e,t,s=l.querySelectorAll("iframe.wp-embedded-content"),r=0;r<s.length;r++)(t=(e=s[r]).getAttribute("data-secret"))||(t=Math.random().toString(36).substring(2,12),e.src+="#?secret="+t,e.setAttribute("data-secret",t)),e.contentWindow.postMessage({message:"ready",secret:t},"*")},!1)))}(window,document);
//# sourceURL=https://creadores.org/wp-includes/js/wp-embed.min.js
</script>

Si hablamos de arte y moda, irremediablemente nos viene a la cabeza el Museo Thyssen-Bornemisza. La institución ha querido sumarse a Madrid es Moda, de la mano de Las Rozas Village, con un recorrido por las piezas de su Colección que mejor recogen la evolución histórica de la indumentaria. Este itinerario es gratuito y está abierto del 18 al 21 [&hellip;]
