{"version":"1.0","provider_name":"Asociaci\u00f3n Creadores de Moda de Espa\u00f1a | ACME","provider_url":"https:\/\/creadores.org\/en\/","author_name":"Felipe","author_url":"https:\/\/creadores.org\/en\/author\/tamara\/","title":"Helena Rohner y David Delf\u00edn intervienen Vitra - Asociaci\u00f3n Creadores de Moda de Espa\u00f1a | ACME","type":"rich","width":600,"height":338,"html":"<blockquote class=\"wp-embedded-content\" data-secret=\"7T8gmkPlAD\"><a href=\"https:\/\/creadores.org\/en\/helena-rohner-y-david-delfin-intervienen-vitra\/\">Helena Rohner y David Delf\u00edn intervienen Vitra<\/a><\/blockquote><iframe sandbox=\"allow-scripts\" security=\"restricted\" src=\"https:\/\/creadores.org\/en\/helena-rohner-y-david-delfin-intervienen-vitra\/embed\/#?secret=7T8gmkPlAD\" width=\"600\" height=\"338\" title=\"&#8220;Helena Rohner y David Delf\u00edn intervienen Vitra&#8221; &#8212; Asociaci\u00f3n Creadores de Moda de Espa\u00f1a | ACME\" data-secret=\"7T8gmkPlAD\" frameborder=\"0\" marginwidth=\"0\" marginheight=\"0\" scrolling=\"no\" class=\"wp-embedded-content\"><\/iframe><script>\n\/*! This file is auto-generated *\/\n!function(d,l){\"use strict\";l.querySelector&&d.addEventListener&&\"undefined\"!=typeof URL&&(d.wp=d.wp||{},d.wp.receiveEmbedMessage||(d.wp.receiveEmbedMessage=function(e){var t=e.data;if((t||t.secret||t.message||t.value)&&!\/[^a-zA-Z0-9]\/.test(t.secret)){for(var s,r,n,a=l.querySelectorAll('iframe[data-secret=\"'+t.secret+'\"]'),o=l.querySelectorAll('blockquote[data-secret=\"'+t.secret+'\"]'),c=new RegExp(\"^https?:$\",\"i\"),i=0;i<o.length;i++)o[i].style.display=\"none\";for(i=0;i<a.length;i++)s=a[i],e.source===s.contentWindow&&(s.removeAttribute(\"style\"),\"height\"===t.message?(1e3<(r=parseInt(t.value,10))?r=1e3:~~r<200&&(r=200),s.height=r):\"link\"===t.message&&(r=new URL(s.getAttribute(\"src\")),n=new URL(t.value),c.test(n.protocol))&&n.host===r.host&&l.activeElement===s&&(d.top.location.href=t.value))}},d.addEventListener(\"message\",d.wp.receiveEmbedMessage,!1),l.addEventListener(\"DOMContentLoaded\",function(){for(var e,t,s=l.querySelectorAll(\"iframe.wp-embedded-content\"),r=0;r<s.length;r++)(t=(e=s[r]).getAttribute(\"data-secret\"))||(t=Math.random().toString(36).substring(2,12),e.src+=\"#?secret=\"+t,e.setAttribute(\"data-secret\",t)),e.contentWindow.postMessage({message:\"ready\",secret:t},\"*\")},!1)))}(window,document);\n\/\/# sourceURL=https:\/\/creadores.org\/wp-includes\/js\/wp-embed.min.js\n<\/script>\n","thumbnail_url":"https:\/\/creadores.org\/wp-content\/uploads\/2015\/09\/madrid-es-moda-32-1.jpg","thumbnail_width":600,"thumbnail_height":337,"description":"Los dise\u00f1adores Helena Rohner y David Delf\u00edn terminaban ayer su instalaci\u00f3n en Vitra, en la calle Padilla, 21. Pincha aqu\u00ed para ver el v\u00eddeo con el \u00faltimo detalle del montaje. La\u00a0intervenci\u00f3n\u00a0forma parte de las acciones de dise\u00f1adores espa\u00f1oles dentro del programa Madrid es Moda, organizado por la Asociaci\u00f3n Creadores de Moda de Espa\u00f1a (ACME) con [&hellip;]"}

Asociación Creadores de Moda de España | ACME

Helena Rohner y David Delfín intervienen Vitra - Asociación Creadores de Moda de España | ACME

<blockquote class="wp-embedded-content" data-secret="7T8gmkPlAD"><a href="https://creadores.org/en/helena-rohner-y-david-delfin-intervienen-vitra/">Helena Rohner y David Delfín intervienen Vitra</a></blockquote><iframe sandbox="allow-scripts" security="restricted" src="https://creadores.org/en/helena-rohner-y-david-delfin-intervienen-vitra/embed/#?secret=7T8gmkPlAD" width="600" height="338" title="&#8220;Helena Rohner y David Delfín intervienen Vitra&#8221; &#8212; Asociación Creadores de Moda de España | ACME" data-secret="7T8gmkPlAD" frameborder="0" marginwidth="0" marginheight="0" scrolling="no" class="wp-embedded-content"></iframe><script>
/*! This file is auto-generated */
!function(d,l){"use strict";l.querySelector&&d.addEventListener&&"undefined"!=typeof URL&&(d.wp=d.wp||{},d.wp.receiveEmbedMessage||(d.wp.receiveEmbedMessage=function(e){var t=e.data;if((t||t.secret||t.message||t.value)&&!/[^a-zA-Z0-9]/.test(t.secret)){for(var s,r,n,a=l.querySelectorAll('iframe[data-secret="'+t.secret+'"]'),o=l.querySelectorAll('blockquote[data-secret="'+t.secret+'"]'),c=new RegExp("^https?:$","i"),i=0;i<o.length;i++)o[i].style.display="none";for(i=0;i<a.length;i++)s=a[i],e.source===s.contentWindow&&(s.removeAttribute("style"),"height"===t.message?(1e3<(r=parseInt(t.value,10))?r=1e3:~~r<200&&(r=200),s.height=r):"link"===t.message&&(r=new URL(s.getAttribute("src")),n=new URL(t.value),c.test(n.protocol))&&n.host===r.host&&l.activeElement===s&&(d.top.location.href=t.value))}},d.addEventListener("message",d.wp.receiveEmbedMessage,!1),l.addEventListener("DOMContentLoaded",function(){for(var e,t,s=l.querySelectorAll("iframe.wp-embedded-content"),r=0;r<s.length;r++)(t=(e=s[r]).getAttribute("data-secret"))||(t=Math.random().toString(36).substring(2,12),e.src+="#?secret="+t,e.setAttribute("data-secret",t)),e.contentWindow.postMessage({message:"ready",secret:t},"*")},!1)))}(window,document);
//# sourceURL=https://creadores.org/wp-includes/js/wp-embed.min.js
</script>

Los diseñadores Helena Rohner y David Delfín terminaban ayer su instalación en Vitra, en la calle Padilla, 21. Pincha aquí para ver el vídeo con el último detalle del montaje. La intervención forma parte de las acciones de diseñadores españoles dentro del programa Madrid es Moda, organizado por la Asociación Creadores de Moda de España (ACME) con [&hellip;]
