{"version":"1.0","provider_name":"Asociaci\u00f3n Creadores de Moda de Espa\u00f1a | ACME","provider_url":"https:\/\/creadores.org\/en\/","author_name":"Felipe","author_url":"https:\/\/creadores.org\/en\/author\/tamara\/","title":"Madrid es Moda en Conde Duque - Asociaci\u00f3n Creadores de Moda de Espa\u00f1a | ACME","type":"rich","width":600,"height":338,"html":"<blockquote class=\"wp-embedded-content\" data-secret=\"cGt8TSbWiw\"><a href=\"https:\/\/creadores.org\/en\/madrid-es-moda-en-conde-duque-2\/\">Madrid es Moda en Conde Duque<\/a><\/blockquote><iframe sandbox=\"allow-scripts\" security=\"restricted\" src=\"https:\/\/creadores.org\/en\/madrid-es-moda-en-conde-duque-2\/embed\/#?secret=cGt8TSbWiw\" width=\"600\" height=\"338\" title=\"&#8220;Madrid es Moda en Conde Duque&#8221; &#8212; Asociaci\u00f3n Creadores de Moda de Espa\u00f1a | ACME\" data-secret=\"cGt8TSbWiw\" frameborder=\"0\" marginwidth=\"0\" marginheight=\"0\" scrolling=\"no\" class=\"wp-embedded-content\"><\/iframe><script>\n\/*! This file is auto-generated *\/\n!function(d,l){\"use strict\";l.querySelector&&d.addEventListener&&\"undefined\"!=typeof URL&&(d.wp=d.wp||{},d.wp.receiveEmbedMessage||(d.wp.receiveEmbedMessage=function(e){var t=e.data;if((t||t.secret||t.message||t.value)&&!\/[^a-zA-Z0-9]\/.test(t.secret)){for(var s,r,n,a=l.querySelectorAll('iframe[data-secret=\"'+t.secret+'\"]'),o=l.querySelectorAll('blockquote[data-secret=\"'+t.secret+'\"]'),c=new RegExp(\"^https?:$\",\"i\"),i=0;i<o.length;i++)o[i].style.display=\"none\";for(i=0;i<a.length;i++)s=a[i],e.source===s.contentWindow&&(s.removeAttribute(\"style\"),\"height\"===t.message?(1e3<(r=parseInt(t.value,10))?r=1e3:~~r<200&&(r=200),s.height=r):\"link\"===t.message&&(r=new URL(s.getAttribute(\"src\")),n=new URL(t.value),c.test(n.protocol))&&n.host===r.host&&l.activeElement===s&&(d.top.location.href=t.value))}},d.addEventListener(\"message\",d.wp.receiveEmbedMessage,!1),l.addEventListener(\"DOMContentLoaded\",function(){for(var e,t,s=l.querySelectorAll(\"iframe.wp-embedded-content\"),r=0;r<s.length;r++)(t=(e=s[r]).getAttribute(\"data-secret\"))||(t=Math.random().toString(36).substring(2,12),e.src+=\"#?secret=\"+t,e.setAttribute(\"data-secret\",t)),e.contentWindow.postMessage({message:\"ready\",secret:t},\"*\")},!1)))}(window,document);\n\/\/# sourceURL=https:\/\/creadores.org\/wp-includes\/js\/wp-embed.min.js\n<\/script>\n","thumbnail_url":"https:\/\/creadores.org\/wp-content\/uploads\/2015\/09\/Vista-de-la-entrada-de-la-exposici\u00f3n-Copiar1.jpg","thumbnail_width":1620,"thumbnail_height":1080,"description":"La elegancia de Audrey Hepburn. Las \u00faltimas creaciones del dise\u00f1o espa\u00f1ol. Los aires africanos. Las nuevas promesas.\u00a0El Centro Cultural Conde Duque es uno de los nudos fundamentales de Madrid es Moda, la acci\u00f3n oganizada por ACME, con el apoyo de la Comunidad de Madrid, El Corte Ingl\u00e9s, Schweppes y G&#8217;Vine. El recinto acoge\u00a0la exposici\u00f3n La [&hellip;]"}

Asociación Creadores de Moda de España | ACME

Madrid es Moda en Conde Duque - Asociación Creadores de Moda de España | ACME

<blockquote class="wp-embedded-content" data-secret="cGt8TSbWiw"><a href="https://creadores.org/en/madrid-es-moda-en-conde-duque-2/">Madrid es Moda en Conde Duque</a></blockquote><iframe sandbox="allow-scripts" security="restricted" src="https://creadores.org/en/madrid-es-moda-en-conde-duque-2/embed/#?secret=cGt8TSbWiw" width="600" height="338" title="&#8220;Madrid es Moda en Conde Duque&#8221; &#8212; Asociación Creadores de Moda de España | ACME" data-secret="cGt8TSbWiw" frameborder="0" marginwidth="0" marginheight="0" scrolling="no" class="wp-embedded-content"></iframe><script>
/*! This file is auto-generated */
!function(d,l){"use strict";l.querySelector&&d.addEventListener&&"undefined"!=typeof URL&&(d.wp=d.wp||{},d.wp.receiveEmbedMessage||(d.wp.receiveEmbedMessage=function(e){var t=e.data;if((t||t.secret||t.message||t.value)&&!/[^a-zA-Z0-9]/.test(t.secret)){for(var s,r,n,a=l.querySelectorAll('iframe[data-secret="'+t.secret+'"]'),o=l.querySelectorAll('blockquote[data-secret="'+t.secret+'"]'),c=new RegExp("^https?:$","i"),i=0;i<o.length;i++)o[i].style.display="none";for(i=0;i<a.length;i++)s=a[i],e.source===s.contentWindow&&(s.removeAttribute("style"),"height"===t.message?(1e3<(r=parseInt(t.value,10))?r=1e3:~~r<200&&(r=200),s.height=r):"link"===t.message&&(r=new URL(s.getAttribute("src")),n=new URL(t.value),c.test(n.protocol))&&n.host===r.host&&l.activeElement===s&&(d.top.location.href=t.value))}},d.addEventListener("message",d.wp.receiveEmbedMessage,!1),l.addEventListener("DOMContentLoaded",function(){for(var e,t,s=l.querySelectorAll("iframe.wp-embedded-content"),r=0;r<s.length;r++)(t=(e=s[r]).getAttribute("data-secret"))||(t=Math.random().toString(36).substring(2,12),e.src+="#?secret="+t,e.setAttribute("data-secret",t)),e.contentWindow.postMessage({message:"ready",secret:t},"*")},!1)))}(window,document);
//# sourceURL=https://creadores.org/wp-includes/js/wp-embed.min.js
</script>

https://creadores.org/wp-content/uploads/2015/09/Vista-de-la-entrada-de-la-exposición-Copiar1.jpg

La elegancia de Audrey Hepburn. Las últimas creaciones del diseño español. Los aires africanos. Las nuevas promesas. El Centro Cultural Conde Duque es uno de los nudos fundamentales de Madrid es Moda, la acción oganizada por ACME, con el apoyo de la Comunidad de Madrid, El Corte Inglés, Schweppes y G&#8217;Vine. El recinto acoge la exposición La [&hellip;]
