{"version":"1.0","provider_name":"Asociaci\u00f3n Creadores de Moda de Espa\u00f1a | ACME","provider_url":"https:\/\/creadores.org\/en\/","author_name":"Felipe","author_url":"https:\/\/creadores.org\/en\/author\/tamara\/","title":"Odette \u00c1lvarez and the luxuriance of her fabrics - Asociaci\u00f3n Creadores de Moda de Espa\u00f1a | ACME","type":"rich","width":600,"height":338,"html":"<blockquote class=\"wp-embedded-content\" data-secret=\"POM5f6JzAf\"><a href=\"https:\/\/creadores.org\/en\/odette-alvarez-y-la-riqueza-de-sus-tejidos\/\">Odette \u00c1lvarez and the luxuriance of her fabrics<\/a><\/blockquote><iframe sandbox=\"allow-scripts\" security=\"restricted\" src=\"https:\/\/creadores.org\/en\/odette-alvarez-y-la-riqueza-de-sus-tejidos\/embed\/#?secret=POM5f6JzAf\" width=\"600\" height=\"338\" title=\"&#8220;Odette \u00c1lvarez and the luxuriance of her fabrics&#8221; &#8212; Asociaci\u00f3n Creadores de Moda de Espa\u00f1a | ACME\" data-secret=\"POM5f6JzAf\" frameborder=\"0\" marginwidth=\"0\" marginheight=\"0\" scrolling=\"no\" class=\"wp-embedded-content\"><\/iframe><script>\n\/*! This file is auto-generated *\/\n!function(d,l){\"use strict\";l.querySelector&&d.addEventListener&&\"undefined\"!=typeof URL&&(d.wp=d.wp||{},d.wp.receiveEmbedMessage||(d.wp.receiveEmbedMessage=function(e){var t=e.data;if((t||t.secret||t.message||t.value)&&!\/[^a-zA-Z0-9]\/.test(t.secret)){for(var s,r,n,a=l.querySelectorAll('iframe[data-secret=\"'+t.secret+'\"]'),o=l.querySelectorAll('blockquote[data-secret=\"'+t.secret+'\"]'),c=new RegExp(\"^https?:$\",\"i\"),i=0;i<o.length;i++)o[i].style.display=\"none\";for(i=0;i<a.length;i++)s=a[i],e.source===s.contentWindow&&(s.removeAttribute(\"style\"),\"height\"===t.message?(1e3<(r=parseInt(t.value,10))?r=1e3:~~r<200&&(r=200),s.height=r):\"link\"===t.message&&(r=new URL(s.getAttribute(\"src\")),n=new URL(t.value),c.test(n.protocol))&&n.host===r.host&&l.activeElement===s&&(d.top.location.href=t.value))}},d.addEventListener(\"message\",d.wp.receiveEmbedMessage,!1),l.addEventListener(\"DOMContentLoaded\",function(){for(var e,t,s=l.querySelectorAll(\"iframe.wp-embedded-content\"),r=0;r<s.length;r++)(t=(e=s[r]).getAttribute(\"data-secret\"))||(t=Math.random().toString(36).substring(2,12),e.src+=\"#?secret=\"+t,e.setAttribute(\"data-secret\",t)),e.contentWindow.postMessage({message:\"ready\",secret:t},\"*\")},!1)))}(window,document);\n\/\/# sourceURL=https:\/\/creadores.org\/wp-includes\/js\/wp-embed.min.js\n<\/script>\n","thumbnail_url":"https:\/\/creadores.org\/wp-content\/uploads\/2023\/09\/odette-alvarez-pv24-mbfwm-0923-0027.jpg","thumbnail_width":1200,"thumbnail_height":800,"description":"Odette \u00c1lvarez presents her \u201cElla Venezia\u201d collection at Mercedes-Benz Fashion Week Madrid for the spring\/summer 2024 season inspired by her memories of the City of Water Canals. The trimmings, hats and Venetian masks that the fashion designer keeps in her atelier become now the starting point of this collection. Fabrics rich in ornaments and beads, [&hellip;]"}

Asociación Creadores de Moda de España | ACME

Odette Álvarez and the luxuriance of her fabrics - Asociación Creadores de Moda de España | ACME

<blockquote class="wp-embedded-content" data-secret="POM5f6JzAf"><a href="https://creadores.org/en/odette-alvarez-y-la-riqueza-de-sus-tejidos/">Odette Álvarez and the luxuriance of her fabrics</a></blockquote><iframe sandbox="allow-scripts" security="restricted" src="https://creadores.org/en/odette-alvarez-y-la-riqueza-de-sus-tejidos/embed/#?secret=POM5f6JzAf" width="600" height="338" title="&#8220;Odette Álvarez and the luxuriance of her fabrics&#8221; &#8212; Asociación Creadores de Moda de España | ACME" data-secret="POM5f6JzAf" frameborder="0" marginwidth="0" marginheight="0" scrolling="no" class="wp-embedded-content"></iframe><script>
/*! This file is auto-generated */
!function(d,l){"use strict";l.querySelector&&d.addEventListener&&"undefined"!=typeof URL&&(d.wp=d.wp||{},d.wp.receiveEmbedMessage||(d.wp.receiveEmbedMessage=function(e){var t=e.data;if((t||t.secret||t.message||t.value)&&!/[^a-zA-Z0-9]/.test(t.secret)){for(var s,r,n,a=l.querySelectorAll('iframe[data-secret="'+t.secret+'"]'),o=l.querySelectorAll('blockquote[data-secret="'+t.secret+'"]'),c=new RegExp("^https?:$","i"),i=0;i<o.length;i++)o[i].style.display="none";for(i=0;i<a.length;i++)s=a[i],e.source===s.contentWindow&&(s.removeAttribute("style"),"height"===t.message?(1e3<(r=parseInt(t.value,10))?r=1e3:~~r<200&&(r=200),s.height=r):"link"===t.message&&(r=new URL(s.getAttribute("src")),n=new URL(t.value),c.test(n.protocol))&&n.host===r.host&&l.activeElement===s&&(d.top.location.href=t.value))}},d.addEventListener("message",d.wp.receiveEmbedMessage,!1),l.addEventListener("DOMContentLoaded",function(){for(var e,t,s=l.querySelectorAll("iframe.wp-embedded-content"),r=0;r<s.length;r++)(t=(e=s[r]).getAttribute("data-secret"))||(t=Math.random().toString(36).substring(2,12),e.src+="#?secret="+t,e.setAttribute("data-secret",t)),e.contentWindow.postMessage({message:"ready",secret:t},"*")},!1)))}(window,document);
//# sourceURL=https://creadores.org/wp-includes/js/wp-embed.min.js
</script>

Odette Álvarez presents her “Ella Venezia” collection at Mercedes-Benz Fashion Week Madrid for the spring/summer 2024 season inspired by her memories of the City of Water Canals. The trimmings, hats and Venetian masks that the fashion designer keeps in her atelier become now the starting point of this collection. Fabrics rich in ornaments and beads, [&hellip;]
