{"version":"1.0","provider_name":"Asociaci\u00f3n Creadores de Moda de Espa\u00f1a | ACME","provider_url":"https:\/\/creadores.org\/en\/","author_name":"Felipe","author_url":"https:\/\/creadores.org\/en\/author\/tamara\/","title":"Oteyza recibe el Premio Madrid Capital de Moda - Asociaci\u00f3n Creadores de Moda de Espa\u00f1a | ACME","type":"rich","width":600,"height":338,"html":"<blockquote class=\"wp-embedded-content\" data-secret=\"LMtoXa89Tt\"><a href=\"https:\/\/creadores.org\/en\/oteyza-recibe-el-premio-madrid-capital-de-moda\/\">Oteyza recibe el Premio Madrid Capital de Moda<\/a><\/blockquote><iframe sandbox=\"allow-scripts\" security=\"restricted\" src=\"https:\/\/creadores.org\/en\/oteyza-recibe-el-premio-madrid-capital-de-moda\/embed\/#?secret=LMtoXa89Tt\" width=\"600\" height=\"338\" title=\"&#8220;Oteyza recibe el Premio Madrid Capital de Moda&#8221; &#8212; Asociaci\u00f3n Creadores de Moda de Espa\u00f1a | ACME\" data-secret=\"LMtoXa89Tt\" frameborder=\"0\" marginwidth=\"0\" marginheight=\"0\" scrolling=\"no\" class=\"wp-embedded-content\"><\/iframe><script>\n\/*! This file is auto-generated *\/\n!function(d,l){\"use strict\";l.querySelector&&d.addEventListener&&\"undefined\"!=typeof URL&&(d.wp=d.wp||{},d.wp.receiveEmbedMessage||(d.wp.receiveEmbedMessage=function(e){var t=e.data;if((t||t.secret||t.message||t.value)&&!\/[^a-zA-Z0-9]\/.test(t.secret)){for(var s,r,n,a=l.querySelectorAll('iframe[data-secret=\"'+t.secret+'\"]'),o=l.querySelectorAll('blockquote[data-secret=\"'+t.secret+'\"]'),c=new RegExp(\"^https?:$\",\"i\"),i=0;i<o.length;i++)o[i].style.display=\"none\";for(i=0;i<a.length;i++)s=a[i],e.source===s.contentWindow&&(s.removeAttribute(\"style\"),\"height\"===t.message?(1e3<(r=parseInt(t.value,10))?r=1e3:~~r<200&&(r=200),s.height=r):\"link\"===t.message&&(r=new URL(s.getAttribute(\"src\")),n=new URL(t.value),c.test(n.protocol))&&n.host===r.host&&l.activeElement===s&&(d.top.location.href=t.value))}},d.addEventListener(\"message\",d.wp.receiveEmbedMessage,!1),l.addEventListener(\"DOMContentLoaded\",function(){for(var e,t,s=l.querySelectorAll(\"iframe.wp-embedded-content\"),r=0;r<s.length;r++)(t=(e=s[r]).getAttribute(\"data-secret\"))||(t=Math.random().toString(36).substring(2,12),e.src+=\"#?secret=\"+t,e.setAttribute(\"data-secret\",t)),e.contentWindow.postMessage({message:\"ready\",secret:t},\"*\")},!1)))}(window,document);\n\/\/# sourceURL=https:\/\/creadores.org\/wp-includes\/js\/wp-embed.min.js\n<\/script>\n","thumbnail_url":"https:\/\/creadores.org\/wp-content\/uploads\/2021\/09\/web-oteyza-mem-0921-0117-.jpg","thumbnail_width":2000,"thumbnail_height":1334,"description":"Oteyza, la marca dirigida por Paul Garc\u00eda de Oteyza y Caterina Pa\u00f1eda,\u00a0ha recibido el\u00a0Premio Madrid Capital de Moda 2021 en su segunda edici\u00f3n. La entrega del galard\u00f3n se ha celebrado en el marco de Madrid es Moda en un evento presidido por Bego\u00f1a Villac\u00eds, vicealcaldesa de Madrid, y el delegado del \u00e1rea de Econom\u00eda, Miguel [&hellip;]"}

Asociación Creadores de Moda de España | ACME

Oteyza recibe el Premio Madrid Capital de Moda - Asociación Creadores de Moda de España | ACME

<blockquote class="wp-embedded-content" data-secret="LMtoXa89Tt"><a href="https://creadores.org/en/oteyza-recibe-el-premio-madrid-capital-de-moda/">Oteyza recibe el Premio Madrid Capital de Moda</a></blockquote><iframe sandbox="allow-scripts" security="restricted" src="https://creadores.org/en/oteyza-recibe-el-premio-madrid-capital-de-moda/embed/#?secret=LMtoXa89Tt" width="600" height="338" title="&#8220;Oteyza recibe el Premio Madrid Capital de Moda&#8221; &#8212; Asociación Creadores de Moda de España | ACME" data-secret="LMtoXa89Tt" frameborder="0" marginwidth="0" marginheight="0" scrolling="no" class="wp-embedded-content"></iframe><script>
/*! This file is auto-generated */
!function(d,l){"use strict";l.querySelector&&d.addEventListener&&"undefined"!=typeof URL&&(d.wp=d.wp||{},d.wp.receiveEmbedMessage||(d.wp.receiveEmbedMessage=function(e){var t=e.data;if((t||t.secret||t.message||t.value)&&!/[^a-zA-Z0-9]/.test(t.secret)){for(var s,r,n,a=l.querySelectorAll('iframe[data-secret="'+t.secret+'"]'),o=l.querySelectorAll('blockquote[data-secret="'+t.secret+'"]'),c=new RegExp("^https?:$","i"),i=0;i<o.length;i++)o[i].style.display="none";for(i=0;i<a.length;i++)s=a[i],e.source===s.contentWindow&&(s.removeAttribute("style"),"height"===t.message?(1e3<(r=parseInt(t.value,10))?r=1e3:~~r<200&&(r=200),s.height=r):"link"===t.message&&(r=new URL(s.getAttribute("src")),n=new URL(t.value),c.test(n.protocol))&&n.host===r.host&&l.activeElement===s&&(d.top.location.href=t.value))}},d.addEventListener("message",d.wp.receiveEmbedMessage,!1),l.addEventListener("DOMContentLoaded",function(){for(var e,t,s=l.querySelectorAll("iframe.wp-embedded-content"),r=0;r<s.length;r++)(t=(e=s[r]).getAttribute("data-secret"))||(t=Math.random().toString(36).substring(2,12),e.src+="#?secret="+t,e.setAttribute("data-secret",t)),e.contentWindow.postMessage({message:"ready",secret:t},"*")},!1)))}(window,document);
//# sourceURL=https://creadores.org/wp-includes/js/wp-embed.min.js
</script>

Oteyza, la marca dirigida por Paul García de Oteyza y Caterina Pañeda, ha recibido el Premio Madrid Capital de Moda 2021 en su segunda edición. La entrega del galardón se ha celebrado en el marco de Madrid es Moda en un evento presidido por Begoña Villacís, vicealcaldesa de Madrid, y el delegado del área de Economía, Miguel [&hellip;]
