{"version":"1.0","provider_name":"Asociaci\u00f3n Creadores de Moda de Espa\u00f1a | ACME","provider_url":"https:\/\/creadores.org\/en\/","author_name":"Felipe","author_url":"https:\/\/creadores.org\/en\/author\/tamara\/","title":"Second edition of Mediterr\u00e1nea Fashion Week Valencia - Asociaci\u00f3n Creadores de Moda de Espa\u00f1a | ACME","type":"rich","width":600,"height":338,"html":"<blockquote class=\"wp-embedded-content\" data-secret=\"1uve1P8Uya\"><a href=\"https:\/\/creadores.org\/en\/segunda-edicion-de-mediterranea-fashion-week-valencia\/\">Second edition of Mediterr\u00e1nea Fashion Week Valencia<\/a><\/blockquote><iframe sandbox=\"allow-scripts\" security=\"restricted\" src=\"https:\/\/creadores.org\/en\/segunda-edicion-de-mediterranea-fashion-week-valencia\/embed\/#?secret=1uve1P8Uya\" width=\"600\" height=\"338\" title=\"&#8220;Second edition of Mediterr\u00e1nea Fashion Week Valencia&#8221; &#8212; Asociaci\u00f3n Creadores de Moda de Espa\u00f1a | ACME\" data-secret=\"1uve1P8Uya\" frameborder=\"0\" marginwidth=\"0\" marginheight=\"0\" scrolling=\"no\" class=\"wp-embedded-content\"><\/iframe><script>\n\/*! This file is auto-generated *\/\n!function(d,l){\"use strict\";l.querySelector&&d.addEventListener&&\"undefined\"!=typeof URL&&(d.wp=d.wp||{},d.wp.receiveEmbedMessage||(d.wp.receiveEmbedMessage=function(e){var t=e.data;if((t||t.secret||t.message||t.value)&&!\/[^a-zA-Z0-9]\/.test(t.secret)){for(var s,r,n,a=l.querySelectorAll('iframe[data-secret=\"'+t.secret+'\"]'),o=l.querySelectorAll('blockquote[data-secret=\"'+t.secret+'\"]'),c=new RegExp(\"^https?:$\",\"i\"),i=0;i<o.length;i++)o[i].style.display=\"none\";for(i=0;i<a.length;i++)s=a[i],e.source===s.contentWindow&&(s.removeAttribute(\"style\"),\"height\"===t.message?(1e3<(r=parseInt(t.value,10))?r=1e3:~~r<200&&(r=200),s.height=r):\"link\"===t.message&&(r=new URL(s.getAttribute(\"src\")),n=new URL(t.value),c.test(n.protocol))&&n.host===r.host&&l.activeElement===s&&(d.top.location.href=t.value))}},d.addEventListener(\"message\",d.wp.receiveEmbedMessage,!1),l.addEventListener(\"DOMContentLoaded\",function(){for(var e,t,s=l.querySelectorAll(\"iframe.wp-embedded-content\"),r=0;r<s.length;r++)(t=(e=s[r]).getAttribute(\"data-secret\"))||(t=Math.random().toString(36).substring(2,12),e.src+=\"#?secret=\"+t,e.setAttribute(\"data-secret\",t)),e.contentWindow.postMessage({message:\"ready\",secret:t},\"*\")},!1)))}(window,document);\n\/\/# sourceURL=https:\/\/creadores.org\/wp-includes\/js\/wp-embed.min.js\n<\/script>\n","thumbnail_url":"https:\/\/creadores.org\/wp-content\/uploads\/2023\/10\/1PORTADA.-Desfile-Isabel-Sanchis_Daniel-Emperador_Mediterranea-FWV-23_-77-.jpg","thumbnail_width":1200,"thumbnail_height":800,"description":"The second edition of the Mediterranean Fashion Week Valencia 2023 was held from October 5th to 8th, where we were able to see the collections of Valencian designers such as signature label\u00a0Isabel Sanch\u00eds, along with Spanish brands such as Devota y Lomba, Duarte, Otrura, Maison Mesa, Felix Ramiro, Malne and Oteyza, valuing creativity while promoting [&hellip;]"}

Asociación Creadores de Moda de España | ACME

Second edition of Mediterránea Fashion Week Valencia - Asociación Creadores de Moda de España | ACME

<blockquote class="wp-embedded-content" data-secret="1uve1P8Uya"><a href="https://creadores.org/en/segunda-edicion-de-mediterranea-fashion-week-valencia/">Second edition of Mediterránea Fashion Week Valencia</a></blockquote><iframe sandbox="allow-scripts" security="restricted" src="https://creadores.org/en/segunda-edicion-de-mediterranea-fashion-week-valencia/embed/#?secret=1uve1P8Uya" width="600" height="338" title="&#8220;Second edition of Mediterránea Fashion Week Valencia&#8221; &#8212; Asociación Creadores de Moda de España | ACME" data-secret="1uve1P8Uya" frameborder="0" marginwidth="0" marginheight="0" scrolling="no" class="wp-embedded-content"></iframe><script>
/*! This file is auto-generated */
!function(d,l){"use strict";l.querySelector&&d.addEventListener&&"undefined"!=typeof URL&&(d.wp=d.wp||{},d.wp.receiveEmbedMessage||(d.wp.receiveEmbedMessage=function(e){var t=e.data;if((t||t.secret||t.message||t.value)&&!/[^a-zA-Z0-9]/.test(t.secret)){for(var s,r,n,a=l.querySelectorAll('iframe[data-secret="'+t.secret+'"]'),o=l.querySelectorAll('blockquote[data-secret="'+t.secret+'"]'),c=new RegExp("^https?:$","i"),i=0;i<o.length;i++)o[i].style.display="none";for(i=0;i<a.length;i++)s=a[i],e.source===s.contentWindow&&(s.removeAttribute("style"),"height"===t.message?(1e3<(r=parseInt(t.value,10))?r=1e3:~~r<200&&(r=200),s.height=r):"link"===t.message&&(r=new URL(s.getAttribute("src")),n=new URL(t.value),c.test(n.protocol))&&n.host===r.host&&l.activeElement===s&&(d.top.location.href=t.value))}},d.addEventListener("message",d.wp.receiveEmbedMessage,!1),l.addEventListener("DOMContentLoaded",function(){for(var e,t,s=l.querySelectorAll("iframe.wp-embedded-content"),r=0;r<s.length;r++)(t=(e=s[r]).getAttribute("data-secret"))||(t=Math.random().toString(36).substring(2,12),e.src+="#?secret="+t,e.setAttribute("data-secret",t)),e.contentWindow.postMessage({message:"ready",secret:t},"*")},!1)))}(window,document);
//# sourceURL=https://creadores.org/wp-includes/js/wp-embed.min.js
</script>

The second edition of the Mediterranean Fashion Week Valencia 2023 was held from October 5th to 8th, where we were able to see the collections of Valencian designers such as signature label Isabel Sanchís, along with Spanish brands such as Devota y Lomba, Duarte, Otrura, Maison Mesa, Felix Ramiro, Malne and Oteyza, valuing creativity while promoting [&hellip;]
