{"version":"1.0","provider_name":"Asociaci\u00f3n Creadores de Moda de Espa\u00f1a | ACME","provider_url":"https:\/\/creadores.org\/en\/","author_name":"Felipe","author_url":"https:\/\/creadores.org\/en\/author\/tamara\/","title":"Teresa Helbig and Jorge V\u00e1zquez, L'Or\u00e9al Paris awards - Asociaci\u00f3n Creadores de Moda de Espa\u00f1a | ACME","type":"rich","width":600,"height":338,"html":"<blockquote class=\"wp-embedded-content\" data-secret=\"0ffPT6VtMp\"><a href=\"https:\/\/creadores.org\/en\/teresa-helbig-jorge-vazquez-premios-loreal-paris\/\">Teresa Helbig and Jorge V\u00e1zquez, L&#8217;Or\u00e9al Paris awards<\/a><\/blockquote><iframe sandbox=\"allow-scripts\" security=\"restricted\" src=\"https:\/\/creadores.org\/en\/teresa-helbig-jorge-vazquez-premios-loreal-paris\/embed\/#?secret=0ffPT6VtMp\" width=\"600\" height=\"338\" title=\"&#8220;Teresa Helbig and Jorge V\u00e1zquez, L&#8217;Or\u00e9al Paris awards&#8221; &#8212; Asociaci\u00f3n Creadores de Moda de Espa\u00f1a | ACME\" data-secret=\"0ffPT6VtMp\" frameborder=\"0\" marginwidth=\"0\" marginheight=\"0\" scrolling=\"no\" class=\"wp-embedded-content\"><\/iframe><script>\n\/*! This file is auto-generated *\/\n!function(d,l){\"use strict\";l.querySelector&&d.addEventListener&&\"undefined\"!=typeof URL&&(d.wp=d.wp||{},d.wp.receiveEmbedMessage||(d.wp.receiveEmbedMessage=function(e){var t=e.data;if((t||t.secret||t.message||t.value)&&!\/[^a-zA-Z0-9]\/.test(t.secret)){for(var s,r,n,a=l.querySelectorAll('iframe[data-secret=\"'+t.secret+'\"]'),o=l.querySelectorAll('blockquote[data-secret=\"'+t.secret+'\"]'),c=new RegExp(\"^https?:$\",\"i\"),i=0;i<o.length;i++)o[i].style.display=\"none\";for(i=0;i<a.length;i++)s=a[i],e.source===s.contentWindow&&(s.removeAttribute(\"style\"),\"height\"===t.message?(1e3<(r=parseInt(t.value,10))?r=1e3:~~r<200&&(r=200),s.height=r):\"link\"===t.message&&(r=new URL(s.getAttribute(\"src\")),n=new URL(t.value),c.test(n.protocol))&&n.host===r.host&&l.activeElement===s&&(d.top.location.href=t.value))}},d.addEventListener(\"message\",d.wp.receiveEmbedMessage,!1),l.addEventListener(\"DOMContentLoaded\",function(){for(var e,t,s=l.querySelectorAll(\"iframe.wp-embedded-content\"),r=0;r<s.length;r++)(t=(e=s[r]).getAttribute(\"data-secret\"))||(t=Math.random().toString(36).substring(2,12),e.src+=\"#?secret=\"+t,e.setAttribute(\"data-secret\",t)),e.contentWindow.postMessage({message:\"ready\",secret:t},\"*\")},!1)))}(window,document);\n\/\/# sourceURL=https:\/\/creadores.org\/wp-includes\/js\/wp-embed.min.js\n<\/script>\n","thumbnail_url":"https:\/\/creadores.org\/wp-content\/uploads\/2019\/01\/Premio_LOreal_Paris_MBFWM_enero2019_web.jpg","thumbnail_width":1200,"thumbnail_height":515,"description":"MBFWM\u00a0puts the finishing touches to the fashion shows held on the IFEMA runway with the presentation of the L&#8217;Or\u00e9al Paris Awards. Ana Arto has been recognized as the Best Spanish Model of this edition, Jorge V\u00e1zquez\u00a0\u00a0has received the Award for the Best Beauty Look by the public, and the jury has chosen Teresa Helbig for [&hellip;]"}

Asociación Creadores de Moda de España | ACME

Teresa Helbig and Jorge Vázquez, L'Oréal Paris awards - Asociación Creadores de Moda de España | ACME

<blockquote class="wp-embedded-content" data-secret="0ffPT6VtMp"><a href="https://creadores.org/en/teresa-helbig-jorge-vazquez-premios-loreal-paris/">Teresa Helbig and Jorge Vázquez, L&#8217;Oréal Paris awards</a></blockquote><iframe sandbox="allow-scripts" security="restricted" src="https://creadores.org/en/teresa-helbig-jorge-vazquez-premios-loreal-paris/embed/#?secret=0ffPT6VtMp" width="600" height="338" title="&#8220;Teresa Helbig and Jorge Vázquez, L&#8217;Oréal Paris awards&#8221; &#8212; Asociación Creadores de Moda de España | ACME" data-secret="0ffPT6VtMp" frameborder="0" marginwidth="0" marginheight="0" scrolling="no" class="wp-embedded-content"></iframe><script>
/*! This file is auto-generated */
!function(d,l){"use strict";l.querySelector&&d.addEventListener&&"undefined"!=typeof URL&&(d.wp=d.wp||{},d.wp.receiveEmbedMessage||(d.wp.receiveEmbedMessage=function(e){var t=e.data;if((t||t.secret||t.message||t.value)&&!/[^a-zA-Z0-9]/.test(t.secret)){for(var s,r,n,a=l.querySelectorAll('iframe[data-secret="'+t.secret+'"]'),o=l.querySelectorAll('blockquote[data-secret="'+t.secret+'"]'),c=new RegExp("^https?:$","i"),i=0;i<o.length;i++)o[i].style.display="none";for(i=0;i<a.length;i++)s=a[i],e.source===s.contentWindow&&(s.removeAttribute("style"),"height"===t.message?(1e3<(r=parseInt(t.value,10))?r=1e3:~~r<200&&(r=200),s.height=r):"link"===t.message&&(r=new URL(s.getAttribute("src")),n=new URL(t.value),c.test(n.protocol))&&n.host===r.host&&l.activeElement===s&&(d.top.location.href=t.value))}},d.addEventListener("message",d.wp.receiveEmbedMessage,!1),l.addEventListener("DOMContentLoaded",function(){for(var e,t,s=l.querySelectorAll("iframe.wp-embedded-content"),r=0;r<s.length;r++)(t=(e=s[r]).getAttribute("data-secret"))||(t=Math.random().toString(36).substring(2,12),e.src+="#?secret="+t,e.setAttribute("data-secret",t)),e.contentWindow.postMessage({message:"ready",secret:t},"*")},!1)))}(window,document);
//# sourceURL=https://creadores.org/wp-includes/js/wp-embed.min.js
</script>

MBFWM puts the finishing touches to the fashion shows held on the IFEMA runway with the presentation of the L&#8217;Oréal Paris Awards. Ana Arto has been recognized as the Best Spanish Model of this edition, Jorge Vázquez  has received the Award for the Best Beauty Look by the public, and the jury has chosen Teresa Helbig for [&hellip;]
