{"id":73265,"date":"2025-06-16T15:34:54","date_gmt":"2025-06-16T13:34:54","guid":{"rendered":"https:\/\/creadores.org\/asociados\/berhanyer\/"},"modified":"2025-11-26T14:29:37","modified_gmt":"2025-11-26T13:29:37","slug":"berhanyer","status":"publish","type":"asociados","link":"https:\/\/creadores.org\/asociados\/berhanyer\/","title":{"rendered":"Berhanyer"},"content":{"rendered":"","protected":false},"featured_media":73421,"parent":0,"template":"","class_list":["post-73265","asociados","type-asociados","status-publish","has-post-thumbnail","hentry"],"yoast_head":"<!-- This site is optimized with the Yoast SEO plugin v28.4 - https:\/\/yoast.com\/product\/yoast-seo-wordpress\/ -->\n<title>Berhanyer - Asociaci\u00f3n Creadores de Moda de Espa\u00f1a | ACME<\/title>\n<meta name=\"robots\" content=\"index, follow, max-snippet:-1, max-image-preview:large, max-video-preview:-1\" \/>\n<link rel=\"canonical\" href=\"https:\/\/creadores.org\/asociados\/berhanyer\/\" \/>\n<meta property=\"og:locale\" content=\"es_ES\" \/>\n<meta property=\"og:type\" content=\"article\" \/>\n<meta property=\"og:title\" content=\"Berhanyer - Asociaci\u00f3n Creadores de Moda de Espa\u00f1a | ACME\" \/>\n<meta property=\"og:url\" content=\"https:\/\/creadores.org\/asociados\/berhanyer\/\" \/>\n<meta property=\"og:site_name\" content=\"Asociaci\u00f3n Creadores de Moda de Espa\u00f1a | ACME\" \/>\n<meta property=\"article:publisher\" content=\"https:\/\/www.facebook.com\/Asociaci%c3%b3n-Creadores-de-Moda-de-Espa%c3%b1a-297009471514\/\" \/>\n<meta property=\"article:modified_time\" content=\"2025-11-26T13:29:37+00:00\" \/>\n<meta name=\"twitter:card\" content=\"summary_large_image\" \/>\n<meta name=\"twitter:site\" content=\"@creadoresacme\" \/>\n<script type=\"application\/ld+json\" class=\"yoast-schema-graph\">{\"@context\":\"https:\\\/\\\/schema.org\",\"@graph\":[{\"@type\":\"WebPage\",\"@id\":\"https:\\\/\\\/creadores.org\\\/asociados\\\/berhanyer\\\/\",\"url\":\"https:\\\/\\\/creadores.org\\\/asociados\\\/berhanyer\\\/\",\"name\":\"Berhanyer - Asociaci\u00f3n Creadores de Moda de Espa\u00f1a | ACME\",\"isPartOf\":{\"@id\":\"https:\\\/\\\/creadores.org\\\/#website\"},\"primaryImageOfPage\":{\"@id\":\"https:\\\/\\\/creadores.org\\\/asociados\\\/berhanyer\\\/#primaryimage\"},\"image\":{\"@id\":\"https:\\\/\\\/creadores.org\\\/asociados\\\/berhanyer\\\/#primaryimage\"},\"thumbnailUrl\":\"https:\\\/\\\/creadores.org\\\/wp-content\\\/uploads\\\/2025\\\/06\\\/Berhanyer-logo.svg\",\"datePublished\":\"2025-06-16T13:34:54+00:00\",\"dateModified\":\"2025-11-26T13:29:37+00:00\",\"breadcrumb\":{\"@id\":\"https:\\\/\\\/creadores.org\\\/asociados\\\/berhanyer\\\/#breadcrumb\"},\"inLanguage\":\"es\",\"potentialAction\":[{\"@type\":\"ReadAction\",\"target\":[\"https:\\\/\\\/creadores.org\\\/asociados\\\/berhanyer\\\/\"]}]},{\"@type\":\"ImageObject\",\"inLanguage\":\"es\",\"@id\":\"https:\\\/\\\/creadores.org\\\/asociados\\\/berhanyer\\\/#primaryimage\",\"url\":\"https:\\\/\\\/creadores.org\\\/wp-content\\\/uploads\\\/2025\\\/06\\\/Berhanyer-logo.svg\",\"contentUrl\":\"https:\\\/\\\/creadores.org\\\/wp-content\\\/uploads\\\/2025\\\/06\\\/Berhanyer-logo.svg\",\"width\":614,\"height\":131},{\"@type\":\"BreadcrumbList\",\"@id\":\"https:\\\/\\\/creadores.org\\\/asociados\\\/berhanyer\\\/#breadcrumb\",\"itemListElement\":[{\"@type\":\"ListItem\",\"position\":1,\"name\":\"Portada\",\"item\":\"https:\\\/\\\/creadores.org\\\/\"},{\"@type\":\"ListItem\",\"position\":2,\"name\":\"Asociados\",\"item\":\"https:\\\/\\\/creadores.org\\\/asociados\\\/\"},{\"@type\":\"ListItem\",\"position\":3,\"name\":\"Berhanyer\"}]},{\"@type\":\"WebSite\",\"@id\":\"https:\\\/\\\/creadores.org\\\/#website\",\"url\":\"https:\\\/\\\/creadores.org\\\/\",\"name\":\"Asociaci\u00f3n Creadores de Moda de Espa\u00f1a | ACME\",\"description\":\"La Asociaci\u00f3n Creadores de Moda de Espa\u00f1a (ACME) es una organizaci\u00f3n profesional sin \u00e1nimo de lucro fundada en 1988\",\"publisher\":{\"@id\":\"https:\\\/\\\/creadores.org\\\/#organization\"},\"potentialAction\":[{\"@type\":\"SearchAction\",\"target\":{\"@type\":\"EntryPoint\",\"urlTemplate\":\"https:\\\/\\\/creadores.org\\\/?s={search_term_string}\"},\"query-input\":{\"@type\":\"PropertyValueSpecification\",\"valueRequired\":true,\"valueName\":\"search_term_string\"}}],\"inLanguage\":\"es\"},{\"@type\":\"Organization\",\"@id\":\"https:\\\/\\\/creadores.org\\\/#organization\",\"name\":\"Asociaci\u00f3n Creadores de Moda de Espa\u00f1a | ACME\",\"url\":\"https:\\\/\\\/creadores.org\\\/\",\"logo\":{\"@type\":\"ImageObject\",\"inLanguage\":\"es\",\"@id\":\"https:\\\/\\\/creadores.org\\\/#\\\/schema\\\/logo\\\/image\\\/\",\"url\":\"https:\\\/\\\/creadores.org\\\/wp-content\\\/uploads\\\/2025\\\/06\\\/acme-logo.svg\",\"contentUrl\":\"https:\\\/\\\/creadores.org\\\/wp-content\\\/uploads\\\/2025\\\/06\\\/acme-logo.svg\",\"width\":650,\"height\":119,\"caption\":\"Asociaci\u00f3n Creadores de Moda de Espa\u00f1a | ACME\"},\"image\":{\"@id\":\"https:\\\/\\\/creadores.org\\\/#\\\/schema\\\/logo\\\/image\\\/\"},\"sameAs\":[\"https:\\\/\\\/www.facebook.com\\\/Asociaci\u00f3n-Creadores-de-Moda-de-Espa\u00f1a-297009471514\\\/\",\"https:\\\/\\\/x.com\\\/creadoresacme\",\"https:\\\/\\\/www.instagram.com\\\/creadoresacme\\\/\"]}]}<\/script>\n<!-- \/ Yoast SEO plugin. -->","yoast_head_json":{"title":"Berhanyer - Asociaci\u00f3n Creadores de Moda de Espa\u00f1a | ACME","robots":{"index":"index","follow":"follow","max-snippet":"max-snippet:-1","max-image-preview":"max-image-preview:large","max-video-preview":"max-video-preview:-1"},"canonical":"https:\/\/creadores.org\/asociados\/berhanyer\/","og_locale":"es_ES","og_type":"article","og_title":"Berhanyer - Asociaci\u00f3n Creadores de Moda de Espa\u00f1a | ACME","og_url":"https:\/\/creadores.org\/asociados\/berhanyer\/","og_site_name":"Asociaci\u00f3n Creadores de Moda de Espa\u00f1a | ACME","article_publisher":"https:\/\/www.facebook.com\/Asociaci%c3%b3n-Creadores-de-Moda-de-Espa%c3%b1a-297009471514\/","article_modified_time":"2025-11-26T13:29:37+00:00","twitter_card":"summary_large_image","twitter_site":"@creadoresacme","schema":{"@context":"https:\/\/schema.org","@graph":[{"@type":"WebPage","@id":"https:\/\/creadores.org\/asociados\/berhanyer\/","url":"https:\/\/creadores.org\/asociados\/berhanyer\/","name":"Berhanyer - Asociaci\u00f3n Creadores de Moda de Espa\u00f1a | ACME","isPartOf":{"@id":"https:\/\/creadores.org\/#website"},"primaryImageOfPage":{"@id":"https:\/\/creadores.org\/asociados\/berhanyer\/#primaryimage"},"image":{"@id":"https:\/\/creadores.org\/asociados\/berhanyer\/#primaryimage"},"thumbnailUrl":"https:\/\/creadores.org\/wp-content\/uploads\/2025\/06\/Berhanyer-logo.svg","datePublished":"2025-06-16T13:34:54+00:00","dateModified":"2025-11-26T13:29:37+00:00","breadcrumb":{"@id":"https:\/\/creadores.org\/asociados\/berhanyer\/#breadcrumb"},"inLanguage":"es","potentialAction":[{"@type":"ReadAction","target":["https:\/\/creadores.org\/asociados\/berhanyer\/"]}]},{"@type":"ImageObject","inLanguage":"es","@id":"https:\/\/creadores.org\/asociados\/berhanyer\/#primaryimage","url":"https:\/\/creadores.org\/wp-content\/uploads\/2025\/06\/Berhanyer-logo.svg","contentUrl":"https:\/\/creadores.org\/wp-content\/uploads\/2025\/06\/Berhanyer-logo.svg","width":614,"height":131},{"@type":"BreadcrumbList","@id":"https:\/\/creadores.org\/asociados\/berhanyer\/#breadcrumb","itemListElement":[{"@type":"ListItem","position":1,"name":"Portada","item":"https:\/\/creadores.org\/"},{"@type":"ListItem","position":2,"name":"Asociados","item":"https:\/\/creadores.org\/asociados\/"},{"@type":"ListItem","position":3,"name":"Berhanyer"}]},{"@type":"WebSite","@id":"https:\/\/creadores.org\/#website","url":"https:\/\/creadores.org\/","name":"Asociaci\u00f3n Creadores de Moda de Espa\u00f1a | ACME","description":"La Asociaci\u00f3n Creadores de Moda de Espa\u00f1a (ACME) es una organizaci\u00f3n profesional sin \u00e1nimo de lucro fundada en 1988","publisher":{"@id":"https:\/\/creadores.org\/#organization"},"potentialAction":[{"@type":"SearchAction","target":{"@type":"EntryPoint","urlTemplate":"https:\/\/creadores.org\/?s={search_term_string}"},"query-input":{"@type":"PropertyValueSpecification","valueRequired":true,"valueName":"search_term_string"}}],"inLanguage":"es"},{"@type":"Organization","@id":"https:\/\/creadores.org\/#organization","name":"Asociaci\u00f3n Creadores de Moda de Espa\u00f1a | ACME","url":"https:\/\/creadores.org\/","logo":{"@type":"ImageObject","inLanguage":"es","@id":"https:\/\/creadores.org\/#\/schema\/logo\/image\/","url":"https:\/\/creadores.org\/wp-content\/uploads\/2025\/06\/acme-logo.svg","contentUrl":"https:\/\/creadores.org\/wp-content\/uploads\/2025\/06\/acme-logo.svg","width":650,"height":119,"caption":"Asociaci\u00f3n Creadores de Moda de Espa\u00f1a | ACME"},"image":{"@id":"https:\/\/creadores.org\/#\/schema\/logo\/image\/"},"sameAs":["https:\/\/www.facebook.com\/Asociaci\u00f3n-Creadores-de-Moda-de-Espa\u00f1a-297009471514\/","https:\/\/x.com\/creadoresacme","https:\/\/www.instagram.com\/creadoresacme\/"]}]}},"_links":{"self":[{"href":"https:\/\/creadores.org\/wp-json\/wp\/v2\/asociados\/73265","targetHints":{"allow":["GET"]}}],"collection":[{"href":"https:\/\/creadores.org\/wp-json\/wp\/v2\/asociados"}],"about":[{"href":"https:\/\/creadores.org\/wp-json\/wp\/v2\/types\/asociados"}],"wp:featuredmedia":[{"embeddable":true,"href":"https:\/\/creadores.org\/wp-json\/wp\/v2\/media\/73421"}],"wp:attachment":[{"href":"https:\/\/creadores.org\/wp-json\/wp\/v2\/media?parent=73265"}],"curies":[{"name":"wp","href":"https:\/\/api.w.org\/{rel}","templated":true}]}}

<!-- This site is optimized with the Yoast SEO plugin v28.4 - https://yoast.com/product/yoast-seo-wordpress/ -->
<title>Berhanyer - Asociación Creadores de Moda de España | ACME</title>
<meta name="robots" content="index, follow, max-snippet:-1, max-image-preview:large, max-video-preview:-1" />
<link rel="canonical" href="https://creadores.org/asociados/berhanyer/" />
<meta property="og:locale" content="es_ES" />
<meta property="og:type" content="article" />
<meta property="og:title" content="Berhanyer - Asociación Creadores de Moda de España | ACME" />
<meta property="og:url" content="https://creadores.org/asociados/berhanyer/" />
<meta property="og:site_name" content="Asociación Creadores de Moda de España | ACME" />
<meta property="article:publisher" content="https://www.facebook.com/Asociaci%c3%b3n-Creadores-de-Moda-de-Espa%c3%b1a-297009471514/" />
<meta property="article:modified_time" content="2025-11-26T13:29:37+00:00" />
<meta name="twitter:card" content="summary_large_image" />
<meta name="twitter:site" content="@creadoresacme" />
<script type="application/ld+json" class="yoast-schema-graph">{"@context":"https:\/\/schema.org","@graph":[{"@type":"WebPage","@id":"https:\/\/creadores.org\/asociados\/berhanyer\/","url":"https:\/\/creadores.org\/asociados\/berhanyer\/","name":"Berhanyer - Asociación Creadores de Moda de España | ACME","isPartOf":{"@id":"https:\/\/creadores.org\/#website"},"primaryImageOfPage":{"@id":"https:\/\/creadores.org\/asociados\/berhanyer\/#primaryimage"},"image":{"@id":"https:\/\/creadores.org\/asociados\/berhanyer\/#primaryimage"},"thumbnailUrl":"https:\/\/creadores.org\/wp-content\/uploads\/2025\/06\/Berhanyer-logo.svg","datePublished":"2025-06-16T13:34:54+00:00","dateModified":"2025-11-26T13:29:37+00:00","breadcrumb":{"@id":"https:\/\/creadores.org\/asociados\/berhanyer\/#breadcrumb"},"inLanguage":"es","potentialAction":[{"@type":"ReadAction","target":["https:\/\/creadores.org\/asociados\/berhanyer\/"]}]},{"@type":"ImageObject","inLanguage":"es","@id":"https:\/\/creadores.org\/asociados\/berhanyer\/#primaryimage","url":"https:\/\/creadores.org\/wp-content\/uploads\/2025\/06\/Berhanyer-logo.svg","contentUrl":"https:\/\/creadores.org\/wp-content\/uploads\/2025\/06\/Berhanyer-logo.svg","width":614,"height":131},{"@type":"BreadcrumbList","@id":"https:\/\/creadores.org\/asociados\/berhanyer\/#breadcrumb","itemListElement":[{"@type":"ListItem","position":1,"name":"Portada","item":"https:\/\/creadores.org\/"},{"@type":"ListItem","position":2,"name":"Asociados","item":"https:\/\/creadores.org\/asociados\/"},{"@type":"ListItem","position":3,"name":"Berhanyer"}]},{"@type":"WebSite","@id":"https:\/\/creadores.org\/#website","url":"https:\/\/creadores.org\/","name":"Asociación Creadores de Moda de España | ACME","description":"La Asociación Creadores de Moda de España (ACME) es una organización profesional sin ánimo de lucro fundada en 1988","publisher":{"@id":"https:\/\/creadores.org\/#organization"},"potentialAction":[{"@type":"SearchAction","target":{"@type":"EntryPoint","urlTemplate":"https:\/\/creadores.org\/?s={search_term_string}"},"query-input":{"@type":"PropertyValueSpecification","valueRequired":true,"valueName":"search_term_string"}}],"inLanguage":"es"},{"@type":"Organization","@id":"https:\/\/creadores.org\/#organization","name":"Asociación Creadores de Moda de España | ACME","url":"https:\/\/creadores.org\/","logo":{"@type":"ImageObject","inLanguage":"es","@id":"https:\/\/creadores.org\/#\/schema\/logo\/image\/","url":"https:\/\/creadores.org\/wp-content\/uploads\/2025\/06\/acme-logo.svg","contentUrl":"https:\/\/creadores.org\/wp-content\/uploads\/2025\/06\/acme-logo.svg","width":650,"height":119,"caption":"Asociación Creadores de Moda de España | ACME"},"image":{"@id":"https:\/\/creadores.org\/#\/schema\/logo\/image\/"},"sameAs":["https:\/\/www.facebook.com\/Asociación-Creadores-de-Moda-de-España-297009471514\/","https:\/\/x.com\/creadoresacme","https:\/\/www.instagram.com\/creadoresacme\/"]}]}</script>
<!-- / Yoast SEO plugin. -->

Berhanyer - Asociación Creadores de Moda de España | ACME

Asociación Creadores de Moda de España | ACME

La Asociación Creadores de Moda de España (ACME) es una organización profesional sin ánimo de lucro fundada en 1988

https://www.facebook.com/Asociación-Creadores-de-Moda-de-España-297009471514/
