{"id":73307,"date":"2025-06-16T15:35:07","date_gmt":"2025-06-16T13:35:07","guid":{"rendered":"https:\/\/creadores.org\/asociados\/manemane\/"},"modified":"2025-10-08T14:50:14","modified_gmt":"2025-10-08T12:50:14","slug":"manemane","status":"publish","type":"asociados","link":"https:\/\/creadores.org\/?asociados=manemane","title":{"rendered":"Man\u00e9man\u00e9"},"content":{"rendered":"<p>MAN\u00c9MAN\u00c9 es una marca de moda espa\u00f1ola fundada por el dise\u00f1ador Miguel Becer en 2012. Con un enfoque vanguardista y experimental, fusiona arte, cultura pop y deconstrucci\u00f3n textil para crear prendas con identidad propia.<\/p>\n<p>Ha desfilado en la Mercedes-Benz Fashion Week Madrid y en la 080 Barcelona Fashion, consolid\u00e1ndose en la escena nacional. Reconocida por su est\u00e9tica inclusiva y contempor\u00e1nea, apuesta por la sostenibilidad y la expresi\u00f3n individual. Su propuesta conecta con un p\u00fablico joven que valora la autenticidad, la transgresi\u00f3n y la creatividad en la moda.<\/p>\n","protected":false},"featured_media":88488,"parent":0,"template":"","class_list":["post-73307","asociados","type-asociados","status-publish","has-post-thumbnail","hentry"],"yoast_head":"<!-- This site is optimized with the Yoast SEO plugin v28.3 - https:\/\/yoast.com\/product\/yoast-seo-wordpress\/ -->\n<title>Man\u00e9man\u00e9 - Asociaci\u00f3n Creadores de Moda de Espa\u00f1a | ACME<\/title>\n<meta name=\"robots\" content=\"index, follow, max-snippet:-1, max-image-preview:large, max-video-preview:-1\" \/>\n<link rel=\"canonical\" href=\"https:\/\/creadores.org\/?asociados=manemane\" \/>\n<meta property=\"og:locale\" content=\"es_ES\" \/>\n<meta property=\"og:type\" content=\"article\" \/>\n<meta property=\"og:title\" content=\"Man\u00e9man\u00e9 - Asociaci\u00f3n Creadores de Moda de Espa\u00f1a | ACME\" \/>\n<meta property=\"og:description\" content=\"MAN\u00c9MAN\u00c9 es una marca de moda espa\u00f1ola fundada por el dise\u00f1ador Miguel Becer en 2012. Con un enfoque vanguardista y experimental, fusiona arte, cultura pop y deconstrucci\u00f3n textil para crear prendas con identidad propia. Ha desfilado en la Mercedes-Benz Fashion Week Madrid y en la 080 Barcelona Fashion, consolid\u00e1ndose en la escena nacional. Reconocida por [&hellip;]\" \/>\n<meta property=\"og:url\" content=\"https:\/\/creadores.org\/?asociados=manemane\" \/>\n<meta property=\"og:site_name\" content=\"Asociaci\u00f3n Creadores de Moda de Espa\u00f1a | ACME\" \/>\n<meta property=\"article:publisher\" content=\"https:\/\/www.facebook.com\/Asociaci%c3%b3n-Creadores-de-Moda-de-Espa%c3%b1a-297009471514\/\" \/>\n<meta property=\"article:modified_time\" content=\"2025-10-08T12:50:14+00:00\" \/>\n<meta name=\"twitter:card\" content=\"summary_large_image\" \/>\n<meta name=\"twitter:site\" content=\"@creadoresacme\" \/>\n<script type=\"application\/ld+json\" class=\"yoast-schema-graph\">{\"@context\":\"https:\\\/\\\/schema.org\",\"@graph\":[{\"@type\":\"WebPage\",\"@id\":\"https:\\\/\\\/creadores.org\\\/?asociados=manemane\",\"url\":\"https:\\\/\\\/creadores.org\\\/?asociados=manemane\",\"name\":\"Man\u00e9man\u00e9 - Asociaci\u00f3n Creadores de Moda de Espa\u00f1a | ACME\",\"isPartOf\":{\"@id\":\"https:\\\/\\\/creadores.org\\\/#website\"},\"primaryImageOfPage\":{\"@id\":\"https:\\\/\\\/creadores.org\\\/?asociados=manemane#primaryimage\"},\"image\":{\"@id\":\"https:\\\/\\\/creadores.org\\\/?asociados=manemane#primaryimage\"},\"thumbnailUrl\":\"https:\\\/\\\/creadores.org\\\/wp-content\\\/uploads\\\/2025\\\/06\\\/mane-mane-logo.svg\",\"datePublished\":\"2025-06-16T13:35:07+00:00\",\"dateModified\":\"2025-10-08T12:50:14+00:00\",\"breadcrumb\":{\"@id\":\"https:\\\/\\\/creadores.org\\\/?asociados=manemane#breadcrumb\"},\"inLanguage\":\"es\",\"potentialAction\":[{\"@type\":\"ReadAction\",\"target\":[\"https:\\\/\\\/creadores.org\\\/?asociados=manemane\"]}]},{\"@type\":\"ImageObject\",\"inLanguage\":\"es\",\"@id\":\"https:\\\/\\\/creadores.org\\\/?asociados=manemane#primaryimage\",\"url\":\"https:\\\/\\\/creadores.org\\\/wp-content\\\/uploads\\\/2025\\\/06\\\/mane-mane-logo.svg\",\"contentUrl\":\"https:\\\/\\\/creadores.org\\\/wp-content\\\/uploads\\\/2025\\\/06\\\/mane-mane-logo.svg\",\"width\":452,\"height\":107},{\"@type\":\"BreadcrumbList\",\"@id\":\"https:\\\/\\\/creadores.org\\\/?asociados=manemane#breadcrumb\",\"itemListElement\":[{\"@type\":\"ListItem\",\"position\":1,\"name\":\"Portada\",\"item\":\"https:\\\/\\\/creadores.org\\\/\"},{\"@type\":\"ListItem\",\"position\":2,\"name\":\"Asociados\",\"item\":\"https:\\\/\\\/creadores.org\\\/?post_type=asociados\"},{\"@type\":\"ListItem\",\"position\":3,\"name\":\"Man\u00e9man\u00e9\"}]},{\"@type\":\"WebSite\",\"@id\":\"https:\\\/\\\/creadores.org\\\/#website\",\"url\":\"https:\\\/\\\/creadores.org\\\/\",\"name\":\"Asociaci\u00f3n Creadores de Moda de Espa\u00f1a | ACME\",\"description\":\"La Asociaci\u00f3n Creadores de Moda de Espa\u00f1a (ACME) es una organizaci\u00f3n profesional sin \u00e1nimo de lucro fundada en 1988\",\"publisher\":{\"@id\":\"https:\\\/\\\/creadores.org\\\/#organization\"},\"potentialAction\":[{\"@type\":\"SearchAction\",\"target\":{\"@type\":\"EntryPoint\",\"urlTemplate\":\"https:\\\/\\\/creadores.org\\\/?s={search_term_string}\"},\"query-input\":{\"@type\":\"PropertyValueSpecification\",\"valueRequired\":true,\"valueName\":\"search_term_string\"}}],\"inLanguage\":\"es\"},{\"@type\":\"Organization\",\"@id\":\"https:\\\/\\\/creadores.org\\\/#organization\",\"name\":\"Asociaci\u00f3n Creadores de Moda de Espa\u00f1a | ACME\",\"url\":\"https:\\\/\\\/creadores.org\\\/\",\"logo\":{\"@type\":\"ImageObject\",\"inLanguage\":\"es\",\"@id\":\"https:\\\/\\\/creadores.org\\\/#\\\/schema\\\/logo\\\/image\\\/\",\"url\":\"https:\\\/\\\/creadores.org\\\/wp-content\\\/uploads\\\/2025\\\/06\\\/acme-logo.svg\",\"contentUrl\":\"https:\\\/\\\/creadores.org\\\/wp-content\\\/uploads\\\/2025\\\/06\\\/acme-logo.svg\",\"width\":650,\"height\":119,\"caption\":\"Asociaci\u00f3n Creadores de Moda de Espa\u00f1a | ACME\"},\"image\":{\"@id\":\"https:\\\/\\\/creadores.org\\\/#\\\/schema\\\/logo\\\/image\\\/\"},\"sameAs\":[\"https:\\\/\\\/www.facebook.com\\\/Asociaci\u00f3n-Creadores-de-Moda-de-Espa\u00f1a-297009471514\\\/\",\"https:\\\/\\\/x.com\\\/creadoresacme\",\"https:\\\/\\\/www.instagram.com\\\/creadoresacme\\\/\"]}]}<\/script>\n<!-- \/ Yoast SEO plugin. -->","yoast_head_json":{"title":"Man\u00e9man\u00e9 - Asociaci\u00f3n Creadores de Moda de Espa\u00f1a | ACME","robots":{"index":"index","follow":"follow","max-snippet":"max-snippet:-1","max-image-preview":"max-image-preview:large","max-video-preview":"max-video-preview:-1"},"canonical":"https:\/\/creadores.org\/?asociados=manemane","og_locale":"es_ES","og_type":"article","og_title":"Man\u00e9man\u00e9 - Asociaci\u00f3n Creadores de Moda de Espa\u00f1a | ACME","og_description":"MAN\u00c9MAN\u00c9 es una marca de moda espa\u00f1ola fundada por el dise\u00f1ador Miguel Becer en 2012. Con un enfoque vanguardista y experimental, fusiona arte, cultura pop y deconstrucci\u00f3n textil para crear prendas con identidad propia. Ha desfilado en la Mercedes-Benz Fashion Week Madrid y en la 080 Barcelona Fashion, consolid\u00e1ndose en la escena nacional. Reconocida por [&hellip;]","og_url":"https:\/\/creadores.org\/?asociados=manemane","og_site_name":"Asociaci\u00f3n Creadores de Moda de Espa\u00f1a | ACME","article_publisher":"https:\/\/www.facebook.com\/Asociaci%c3%b3n-Creadores-de-Moda-de-Espa%c3%b1a-297009471514\/","article_modified_time":"2025-10-08T12:50:14+00:00","twitter_card":"summary_large_image","twitter_site":"@creadoresacme","schema":{"@context":"https:\/\/schema.org","@graph":[{"@type":"WebPage","@id":"https:\/\/creadores.org\/?asociados=manemane","url":"https:\/\/creadores.org\/?asociados=manemane","name":"Man\u00e9man\u00e9 - Asociaci\u00f3n Creadores de Moda de Espa\u00f1a | ACME","isPartOf":{"@id":"https:\/\/creadores.org\/#website"},"primaryImageOfPage":{"@id":"https:\/\/creadores.org\/?asociados=manemane#primaryimage"},"image":{"@id":"https:\/\/creadores.org\/?asociados=manemane#primaryimage"},"thumbnailUrl":"https:\/\/creadores.org\/wp-content\/uploads\/2025\/06\/mane-mane-logo.svg","datePublished":"2025-06-16T13:35:07+00:00","dateModified":"2025-10-08T12:50:14+00:00","breadcrumb":{"@id":"https:\/\/creadores.org\/?asociados=manemane#breadcrumb"},"inLanguage":"es","potentialAction":[{"@type":"ReadAction","target":["https:\/\/creadores.org\/?asociados=manemane"]}]},{"@type":"ImageObject","inLanguage":"es","@id":"https:\/\/creadores.org\/?asociados=manemane#primaryimage","url":"https:\/\/creadores.org\/wp-content\/uploads\/2025\/06\/mane-mane-logo.svg","contentUrl":"https:\/\/creadores.org\/wp-content\/uploads\/2025\/06\/mane-mane-logo.svg","width":452,"height":107},{"@type":"BreadcrumbList","@id":"https:\/\/creadores.org\/?asociados=manemane#breadcrumb","itemListElement":[{"@type":"ListItem","position":1,"name":"Portada","item":"https:\/\/creadores.org\/"},{"@type":"ListItem","position":2,"name":"Asociados","item":"https:\/\/creadores.org\/?post_type=asociados"},{"@type":"ListItem","position":3,"name":"Man\u00e9man\u00e9"}]},{"@type":"WebSite","@id":"https:\/\/creadores.org\/#website","url":"https:\/\/creadores.org\/","name":"Asociaci\u00f3n Creadores de Moda de Espa\u00f1a | ACME","description":"La Asociaci\u00f3n Creadores de Moda de Espa\u00f1a (ACME) es una organizaci\u00f3n profesional sin \u00e1nimo de lucro fundada en 1988","publisher":{"@id":"https:\/\/creadores.org\/#organization"},"potentialAction":[{"@type":"SearchAction","target":{"@type":"EntryPoint","urlTemplate":"https:\/\/creadores.org\/?s={search_term_string}"},"query-input":{"@type":"PropertyValueSpecification","valueRequired":true,"valueName":"search_term_string"}}],"inLanguage":"es"},{"@type":"Organization","@id":"https:\/\/creadores.org\/#organization","name":"Asociaci\u00f3n Creadores de Moda de Espa\u00f1a | ACME","url":"https:\/\/creadores.org\/","logo":{"@type":"ImageObject","inLanguage":"es","@id":"https:\/\/creadores.org\/#\/schema\/logo\/image\/","url":"https:\/\/creadores.org\/wp-content\/uploads\/2025\/06\/acme-logo.svg","contentUrl":"https:\/\/creadores.org\/wp-content\/uploads\/2025\/06\/acme-logo.svg","width":650,"height":119,"caption":"Asociaci\u00f3n Creadores de Moda de Espa\u00f1a | ACME"},"image":{"@id":"https:\/\/creadores.org\/#\/schema\/logo\/image\/"},"sameAs":["https:\/\/www.facebook.com\/Asociaci\u00f3n-Creadores-de-Moda-de-Espa\u00f1a-297009471514\/","https:\/\/x.com\/creadoresacme","https:\/\/www.instagram.com\/creadoresacme\/"]}]}},"_links":{"self":[{"href":"https:\/\/creadores.org\/index.php?rest_route=\/wp\/v2\/asociados\/73307","targetHints":{"allow":["GET"]}}],"collection":[{"href":"https:\/\/creadores.org\/index.php?rest_route=\/wp\/v2\/asociados"}],"about":[{"href":"https:\/\/creadores.org\/index.php?rest_route=\/wp\/v2\/types\/asociados"}],"wp:featuredmedia":[{"embeddable":true,"href":"https:\/\/creadores.org\/index.php?rest_route=\/wp\/v2\/media\/88488"}],"wp:attachment":[{"href":"https:\/\/creadores.org\/index.php?rest_route=%2Fwp%2Fv2%2Fmedia&parent=73307"}],"curies":[{"name":"wp","href":"https:\/\/api.w.org\/{rel}","templated":true}]}}

Manémané

<p>MANÉMANÉ es una marca de moda española fundada por el diseñador Miguel Becer en 2012. Con un enfoque vanguardista y experimental, fusiona arte, cultura pop y deconstrucción textil para crear prendas con identidad propia.</p>
<p>Ha desfilado en la Mercedes-Benz Fashion Week Madrid y en la 080 Barcelona Fashion, consolidándose en la escena nacional. Reconocida por su estética inclusiva y contemporánea, apuesta por la sostenibilidad y la expresión individual. Su propuesta conecta con un público joven que valora la autenticidad, la transgresión y la creatividad en la moda.</p>

<!-- This site is optimized with the Yoast SEO plugin v28.3 - https://yoast.com/product/yoast-seo-wordpress/ -->
<title>Manémané - Asociación Creadores de Moda de España | ACME</title>
<meta name="robots" content="index, follow, max-snippet:-1, max-image-preview:large, max-video-preview:-1" />
<link rel="canonical" href="https://creadores.org/?asociados=manemane" />
<meta property="og:locale" content="es_ES" />
<meta property="og:type" content="article" />
<meta property="og:title" content="Manémané - Asociación Creadores de Moda de España | ACME" />
<meta property="og:description" content="MANÉMANÉ es una marca de moda española fundada por el diseñador Miguel Becer en 2012. Con un enfoque vanguardista y experimental, fusiona arte, cultura pop y deconstrucción textil para crear prendas con identidad propia. Ha desfilado en la Mercedes-Benz Fashion Week Madrid y en la 080 Barcelona Fashion, consolidándose en la escena nacional. Reconocida por [&hellip;]" />
<meta property="og:url" content="https://creadores.org/?asociados=manemane" />
<meta property="og:site_name" content="Asociación Creadores de Moda de España | ACME" />
<meta property="article:publisher" content="https://www.facebook.com/Asociaci%c3%b3n-Creadores-de-Moda-de-Espa%c3%b1a-297009471514/" />
<meta property="article:modified_time" content="2025-10-08T12:50:14+00:00" />
<meta name="twitter:card" content="summary_large_image" />
<meta name="twitter:site" content="@creadoresacme" />
<script type="application/ld+json" class="yoast-schema-graph">{"@context":"https:\/\/schema.org","@graph":[{"@type":"WebPage","@id":"https:\/\/creadores.org\/?asociados=manemane","url":"https:\/\/creadores.org\/?asociados=manemane","name":"Manémané - Asociación Creadores de Moda de España | ACME","isPartOf":{"@id":"https:\/\/creadores.org\/#website"},"primaryImageOfPage":{"@id":"https:\/\/creadores.org\/?asociados=manemane#primaryimage"},"image":{"@id":"https:\/\/creadores.org\/?asociados=manemane#primaryimage"},"thumbnailUrl":"https:\/\/creadores.org\/wp-content\/uploads\/2025\/06\/mane-mane-logo.svg","datePublished":"2025-06-16T13:35:07+00:00","dateModified":"2025-10-08T12:50:14+00:00","breadcrumb":{"@id":"https:\/\/creadores.org\/?asociados=manemane#breadcrumb"},"inLanguage":"es","potentialAction":[{"@type":"ReadAction","target":["https:\/\/creadores.org\/?asociados=manemane"]}]},{"@type":"ImageObject","inLanguage":"es","@id":"https:\/\/creadores.org\/?asociados=manemane#primaryimage","url":"https:\/\/creadores.org\/wp-content\/uploads\/2025\/06\/mane-mane-logo.svg","contentUrl":"https:\/\/creadores.org\/wp-content\/uploads\/2025\/06\/mane-mane-logo.svg","width":452,"height":107},{"@type":"BreadcrumbList","@id":"https:\/\/creadores.org\/?asociados=manemane#breadcrumb","itemListElement":[{"@type":"ListItem","position":1,"name":"Portada","item":"https:\/\/creadores.org\/"},{"@type":"ListItem","position":2,"name":"Asociados","item":"https:\/\/creadores.org\/?post_type=asociados"},{"@type":"ListItem","position":3,"name":"Manémané"}]},{"@type":"WebSite","@id":"https:\/\/creadores.org\/#website","url":"https:\/\/creadores.org\/","name":"Asociación Creadores de Moda de España | ACME","description":"La Asociación Creadores de Moda de España (ACME) es una organización profesional sin ánimo de lucro fundada en 1988","publisher":{"@id":"https:\/\/creadores.org\/#organization"},"potentialAction":[{"@type":"SearchAction","target":{"@type":"EntryPoint","urlTemplate":"https:\/\/creadores.org\/?s={search_term_string}"},"query-input":{"@type":"PropertyValueSpecification","valueRequired":true,"valueName":"search_term_string"}}],"inLanguage":"es"},{"@type":"Organization","@id":"https:\/\/creadores.org\/#organization","name":"Asociación Creadores de Moda de España | ACME","url":"https:\/\/creadores.org\/","logo":{"@type":"ImageObject","inLanguage":"es","@id":"https:\/\/creadores.org\/#\/schema\/logo\/image\/","url":"https:\/\/creadores.org\/wp-content\/uploads\/2025\/06\/acme-logo.svg","contentUrl":"https:\/\/creadores.org\/wp-content\/uploads\/2025\/06\/acme-logo.svg","width":650,"height":119,"caption":"Asociación Creadores de Moda de España | ACME"},"image":{"@id":"https:\/\/creadores.org\/#\/schema\/logo\/image\/"},"sameAs":["https:\/\/www.facebook.com\/Asociación-Creadores-de-Moda-de-España-297009471514\/","https:\/\/x.com\/creadoresacme","https:\/\/www.instagram.com\/creadoresacme\/"]}]}</script>
<!-- / Yoast SEO plugin. -->

Manémané - Asociación Creadores de Moda de España | ACME

MANÉMANÉ es una marca de moda española fundada por el diseñador Miguel Becer en 2012. Con un enfoque vanguardista y experimental, fusiona arte, cultura pop y deconstrucción textil para crear prendas con identidad propia. Ha desfilado en la Mercedes-Benz Fashion Week Madrid y en la 080 Barcelona Fashion, consolidándose en la escena nacional. Reconocida por [&hellip;]

Asociación Creadores de Moda de España | ACME

La Asociación Creadores de Moda de España (ACME) es una organización profesional sin ánimo de lucro fundada en 1988

https://www.facebook.com/Asociación-Creadores-de-Moda-de-España-297009471514/
