{"id":73336,"date":"2025-06-16T15:35:11","date_gmt":"2025-06-16T13:35:11","guid":{"rendered":"https:\/\/creadores.org\/asociados\/sarda\/"},"modified":"2025-11-26T14:49:41","modified_gmt":"2025-11-26T13:49:41","slug":"sarda","status":"publish","type":"asociados","link":"https:\/\/creadores.org\/?asociados=sarda","title":{"rendered":"Sarda"},"content":{"rendered":"<p>SARDA es la firma de lencer\u00eda para quienes lo quieren todo.<br \/>\nSARDA es inesperada pero llevable; es calidad y actitud.<br \/>\nSARDA es moda sin prisas. Es presente, pero creada para perdurar.<br \/>\nSARDA es la marca que se alinea con tu yo m\u00e1s aut\u00e9ntico y refleja a la mujer poderosa que eres.<br \/>\nSARDA celebra tu camino, enciende tu fuerza y redefine tu forma de entender la lencer\u00eda.<\/p>\n","protected":false},"featured_media":67950,"parent":0,"template":"","class_list":["post-73336","asociados","type-asociados","status-publish","has-post-thumbnail","hentry"],"yoast_head":"<!-- This site is optimized with the Yoast SEO plugin v28.3 - https:\/\/yoast.com\/product\/yoast-seo-wordpress\/ -->\n<title>Sarda - Asociaci\u00f3n Creadores de Moda de Espa\u00f1a | ACME<\/title>\n<meta name=\"robots\" content=\"index, follow, max-snippet:-1, max-image-preview:large, max-video-preview:-1\" \/>\n<link rel=\"canonical\" href=\"https:\/\/creadores.org\/?asociados=sarda\" \/>\n<meta property=\"og:locale\" content=\"es_ES\" \/>\n<meta property=\"og:type\" content=\"article\" \/>\n<meta property=\"og:title\" content=\"Sarda - Asociaci\u00f3n Creadores de Moda de Espa\u00f1a | ACME\" \/>\n<meta property=\"og:description\" content=\"SARDA es la firma de lencer\u00eda para quienes lo quieren todo. SARDA es inesperada pero llevable; es calidad y actitud. SARDA es moda sin prisas. Es presente, pero creada para perdurar. SARDA es la marca que se alinea con tu yo m\u00e1s aut\u00e9ntico y refleja a la mujer poderosa que eres. SARDA celebra tu camino, [&hellip;]\" \/>\n<meta property=\"og:url\" content=\"https:\/\/creadores.org\/?asociados=sarda\" \/>\n<meta property=\"og:site_name\" content=\"Asociaci\u00f3n Creadores de Moda de Espa\u00f1a | ACME\" \/>\n<meta property=\"article:publisher\" content=\"https:\/\/www.facebook.com\/Asociaci%c3%b3n-Creadores-de-Moda-de-Espa%c3%b1a-297009471514\/\" \/>\n<meta property=\"article:modified_time\" content=\"2025-11-26T13:49:41+00:00\" \/>\n<meta property=\"og:image\" content=\"https:\/\/creadores.org\/wp-content\/uploads\/2024\/12\/sarda-logo.png\" \/>\n\t<meta property=\"og:image:width\" content=\"446\" \/>\n\t<meta property=\"og:image:height\" content=\"70\" \/>\n\t<meta property=\"og:image:type\" content=\"image\/png\" \/>\n<meta name=\"twitter:card\" content=\"summary_large_image\" \/>\n<meta name=\"twitter:site\" content=\"@creadoresacme\" \/>\n<script type=\"application\/ld+json\" class=\"yoast-schema-graph\">{\"@context\":\"https:\\\/\\\/schema.org\",\"@graph\":[{\"@type\":\"WebPage\",\"@id\":\"https:\\\/\\\/creadores.org\\\/?asociados=sarda\",\"url\":\"https:\\\/\\\/creadores.org\\\/?asociados=sarda\",\"name\":\"Sarda - Asociaci\u00f3n Creadores de Moda de Espa\u00f1a | ACME\",\"isPartOf\":{\"@id\":\"https:\\\/\\\/creadores.org\\\/#website\"},\"primaryImageOfPage\":{\"@id\":\"https:\\\/\\\/creadores.org\\\/?asociados=sarda#primaryimage\"},\"image\":{\"@id\":\"https:\\\/\\\/creadores.org\\\/?asociados=sarda#primaryimage\"},\"thumbnailUrl\":\"https:\\\/\\\/creadores.org\\\/wp-content\\\/uploads\\\/2024\\\/12\\\/sarda-logo.png\",\"datePublished\":\"2025-06-16T13:35:11+00:00\",\"dateModified\":\"2025-11-26T13:49:41+00:00\",\"breadcrumb\":{\"@id\":\"https:\\\/\\\/creadores.org\\\/?asociados=sarda#breadcrumb\"},\"inLanguage\":\"es\",\"potentialAction\":[{\"@type\":\"ReadAction\",\"target\":[\"https:\\\/\\\/creadores.org\\\/?asociados=sarda\"]}]},{\"@type\":\"ImageObject\",\"inLanguage\":\"es\",\"@id\":\"https:\\\/\\\/creadores.org\\\/?asociados=sarda#primaryimage\",\"url\":\"https:\\\/\\\/creadores.org\\\/wp-content\\\/uploads\\\/2024\\\/12\\\/sarda-logo.png\",\"contentUrl\":\"https:\\\/\\\/creadores.org\\\/wp-content\\\/uploads\\\/2024\\\/12\\\/sarda-logo.png\",\"width\":446,\"height\":70},{\"@type\":\"BreadcrumbList\",\"@id\":\"https:\\\/\\\/creadores.org\\\/?asociados=sarda#breadcrumb\",\"itemListElement\":[{\"@type\":\"ListItem\",\"position\":1,\"name\":\"Portada\",\"item\":\"https:\\\/\\\/creadores.org\\\/\"},{\"@type\":\"ListItem\",\"position\":2,\"name\":\"Asociados\",\"item\":\"https:\\\/\\\/creadores.org\\\/?post_type=asociados\"},{\"@type\":\"ListItem\",\"position\":3,\"name\":\"Sarda\"}]},{\"@type\":\"WebSite\",\"@id\":\"https:\\\/\\\/creadores.org\\\/#website\",\"url\":\"https:\\\/\\\/creadores.org\\\/\",\"name\":\"Asociaci\u00f3n Creadores de Moda de Espa\u00f1a | ACME\",\"description\":\"La Asociaci\u00f3n Creadores de Moda de Espa\u00f1a (ACME) es una organizaci\u00f3n profesional sin \u00e1nimo de lucro fundada en 1988\",\"publisher\":{\"@id\":\"https:\\\/\\\/creadores.org\\\/#organization\"},\"potentialAction\":[{\"@type\":\"SearchAction\",\"target\":{\"@type\":\"EntryPoint\",\"urlTemplate\":\"https:\\\/\\\/creadores.org\\\/?s={search_term_string}\"},\"query-input\":{\"@type\":\"PropertyValueSpecification\",\"valueRequired\":true,\"valueName\":\"search_term_string\"}}],\"inLanguage\":\"es\"},{\"@type\":\"Organization\",\"@id\":\"https:\\\/\\\/creadores.org\\\/#organization\",\"name\":\"Asociaci\u00f3n Creadores de Moda de Espa\u00f1a | ACME\",\"url\":\"https:\\\/\\\/creadores.org\\\/\",\"logo\":{\"@type\":\"ImageObject\",\"inLanguage\":\"es\",\"@id\":\"https:\\\/\\\/creadores.org\\\/#\\\/schema\\\/logo\\\/image\\\/\",\"url\":\"https:\\\/\\\/creadores.org\\\/wp-content\\\/uploads\\\/2025\\\/06\\\/acme-logo.svg\",\"contentUrl\":\"https:\\\/\\\/creadores.org\\\/wp-content\\\/uploads\\\/2025\\\/06\\\/acme-logo.svg\",\"width\":650,\"height\":119,\"caption\":\"Asociaci\u00f3n Creadores de Moda de Espa\u00f1a | ACME\"},\"image\":{\"@id\":\"https:\\\/\\\/creadores.org\\\/#\\\/schema\\\/logo\\\/image\\\/\"},\"sameAs\":[\"https:\\\/\\\/www.facebook.com\\\/Asociaci\u00f3n-Creadores-de-Moda-de-Espa\u00f1a-297009471514\\\/\",\"https:\\\/\\\/x.com\\\/creadoresacme\",\"https:\\\/\\\/www.instagram.com\\\/creadoresacme\\\/\"]}]}<\/script>\n<!-- \/ Yoast SEO plugin. -->","yoast_head_json":{"title":"Sarda - Asociaci\u00f3n Creadores de Moda de Espa\u00f1a | ACME","robots":{"index":"index","follow":"follow","max-snippet":"max-snippet:-1","max-image-preview":"max-image-preview:large","max-video-preview":"max-video-preview:-1"},"canonical":"https:\/\/creadores.org\/?asociados=sarda","og_locale":"es_ES","og_type":"article","og_title":"Sarda - Asociaci\u00f3n Creadores de Moda de Espa\u00f1a | ACME","og_description":"SARDA es la firma de lencer\u00eda para quienes lo quieren todo. SARDA es inesperada pero llevable; es calidad y actitud. SARDA es moda sin prisas. Es presente, pero creada para perdurar. SARDA es la marca que se alinea con tu yo m\u00e1s aut\u00e9ntico y refleja a la mujer poderosa que eres. SARDA celebra tu camino, [&hellip;]","og_url":"https:\/\/creadores.org\/?asociados=sarda","og_site_name":"Asociaci\u00f3n Creadores de Moda de Espa\u00f1a | ACME","article_publisher":"https:\/\/www.facebook.com\/Asociaci%c3%b3n-Creadores-de-Moda-de-Espa%c3%b1a-297009471514\/","article_modified_time":"2025-11-26T13:49:41+00:00","og_image":[{"width":446,"height":70,"url":"https:\/\/creadores.org\/wp-content\/uploads\/2024\/12\/sarda-logo.png","type":"image\/png"}],"twitter_card":"summary_large_image","twitter_site":"@creadoresacme","schema":{"@context":"https:\/\/schema.org","@graph":[{"@type":"WebPage","@id":"https:\/\/creadores.org\/?asociados=sarda","url":"https:\/\/creadores.org\/?asociados=sarda","name":"Sarda - Asociaci\u00f3n Creadores de Moda de Espa\u00f1a | ACME","isPartOf":{"@id":"https:\/\/creadores.org\/#website"},"primaryImageOfPage":{"@id":"https:\/\/creadores.org\/?asociados=sarda#primaryimage"},"image":{"@id":"https:\/\/creadores.org\/?asociados=sarda#primaryimage"},"thumbnailUrl":"https:\/\/creadores.org\/wp-content\/uploads\/2024\/12\/sarda-logo.png","datePublished":"2025-06-16T13:35:11+00:00","dateModified":"2025-11-26T13:49:41+00:00","breadcrumb":{"@id":"https:\/\/creadores.org\/?asociados=sarda#breadcrumb"},"inLanguage":"es","potentialAction":[{"@type":"ReadAction","target":["https:\/\/creadores.org\/?asociados=sarda"]}]},{"@type":"ImageObject","inLanguage":"es","@id":"https:\/\/creadores.org\/?asociados=sarda#primaryimage","url":"https:\/\/creadores.org\/wp-content\/uploads\/2024\/12\/sarda-logo.png","contentUrl":"https:\/\/creadores.org\/wp-content\/uploads\/2024\/12\/sarda-logo.png","width":446,"height":70},{"@type":"BreadcrumbList","@id":"https:\/\/creadores.org\/?asociados=sarda#breadcrumb","itemListElement":[{"@type":"ListItem","position":1,"name":"Portada","item":"https:\/\/creadores.org\/"},{"@type":"ListItem","position":2,"name":"Asociados","item":"https:\/\/creadores.org\/?post_type=asociados"},{"@type":"ListItem","position":3,"name":"Sarda"}]},{"@type":"WebSite","@id":"https:\/\/creadores.org\/#website","url":"https:\/\/creadores.org\/","name":"Asociaci\u00f3n Creadores de Moda de Espa\u00f1a | ACME","description":"La Asociaci\u00f3n Creadores de Moda de Espa\u00f1a (ACME) es una organizaci\u00f3n profesional sin \u00e1nimo de lucro fundada en 1988","publisher":{"@id":"https:\/\/creadores.org\/#organization"},"potentialAction":[{"@type":"SearchAction","target":{"@type":"EntryPoint","urlTemplate":"https:\/\/creadores.org\/?s={search_term_string}"},"query-input":{"@type":"PropertyValueSpecification","valueRequired":true,"valueName":"search_term_string"}}],"inLanguage":"es"},{"@type":"Organization","@id":"https:\/\/creadores.org\/#organization","name":"Asociaci\u00f3n Creadores de Moda de Espa\u00f1a | ACME","url":"https:\/\/creadores.org\/","logo":{"@type":"ImageObject","inLanguage":"es","@id":"https:\/\/creadores.org\/#\/schema\/logo\/image\/","url":"https:\/\/creadores.org\/wp-content\/uploads\/2025\/06\/acme-logo.svg","contentUrl":"https:\/\/creadores.org\/wp-content\/uploads\/2025\/06\/acme-logo.svg","width":650,"height":119,"caption":"Asociaci\u00f3n Creadores de Moda de Espa\u00f1a | ACME"},"image":{"@id":"https:\/\/creadores.org\/#\/schema\/logo\/image\/"},"sameAs":["https:\/\/www.facebook.com\/Asociaci\u00f3n-Creadores-de-Moda-de-Espa\u00f1a-297009471514\/","https:\/\/x.com\/creadoresacme","https:\/\/www.instagram.com\/creadoresacme\/"]}]}},"_links":{"self":[{"href":"https:\/\/creadores.org\/index.php?rest_route=\/wp\/v2\/asociados\/73336","targetHints":{"allow":["GET"]}}],"collection":[{"href":"https:\/\/creadores.org\/index.php?rest_route=\/wp\/v2\/asociados"}],"about":[{"href":"https:\/\/creadores.org\/index.php?rest_route=\/wp\/v2\/types\/asociados"}],"wp:featuredmedia":[{"embeddable":true,"href":"https:\/\/creadores.org\/index.php?rest_route=\/wp\/v2\/media\/67950"}],"wp:attachment":[{"href":"https:\/\/creadores.org\/index.php?rest_route=%2Fwp%2Fv2%2Fmedia&parent=73336"}],"curies":[{"name":"wp","href":"https:\/\/api.w.org\/{rel}","templated":true}]}}

<p>SARDA es la firma de lencería para quienes lo quieren todo.<br />
SARDA es inesperada pero llevable; es calidad y actitud.<br />
SARDA es moda sin prisas. Es presente, pero creada para perdurar.<br />
SARDA es la marca que se alinea con tu yo más auténtico y refleja a la mujer poderosa que eres.<br />
SARDA celebra tu camino, enciende tu fuerza y redefine tu forma de entender la lencería.</p>

<!-- This site is optimized with the Yoast SEO plugin v28.3 - https://yoast.com/product/yoast-seo-wordpress/ -->
<title>Sarda - Asociación Creadores de Moda de España | ACME</title>
<meta name="robots" content="index, follow, max-snippet:-1, max-image-preview:large, max-video-preview:-1" />
<link rel="canonical" href="https://creadores.org/?asociados=sarda" />
<meta property="og:locale" content="es_ES" />
<meta property="og:type" content="article" />
<meta property="og:title" content="Sarda - Asociación Creadores de Moda de España | ACME" />
<meta property="og:description" content="SARDA es la firma de lencería para quienes lo quieren todo. SARDA es inesperada pero llevable; es calidad y actitud. SARDA es moda sin prisas. Es presente, pero creada para perdurar. SARDA es la marca que se alinea con tu yo más auténtico y refleja a la mujer poderosa que eres. SARDA celebra tu camino, [&hellip;]" />
<meta property="og:url" content="https://creadores.org/?asociados=sarda" />
<meta property="og:site_name" content="Asociación Creadores de Moda de España | ACME" />
<meta property="article:publisher" content="https://www.facebook.com/Asociaci%c3%b3n-Creadores-de-Moda-de-Espa%c3%b1a-297009471514/" />
<meta property="article:modified_time" content="2025-11-26T13:49:41+00:00" />
<meta property="og:image" content="https://creadores.org/wp-content/uploads/2024/12/sarda-logo.png" />
	<meta property="og:image:width" content="446" />
	<meta property="og:image:height" content="70" />
	<meta property="og:image:type" content="image/png" />
<meta name="twitter:card" content="summary_large_image" />
<meta name="twitter:site" content="@creadoresacme" />
<script type="application/ld+json" class="yoast-schema-graph">{"@context":"https:\/\/schema.org","@graph":[{"@type":"WebPage","@id":"https:\/\/creadores.org\/?asociados=sarda","url":"https:\/\/creadores.org\/?asociados=sarda","name":"Sarda - Asociación Creadores de Moda de España | ACME","isPartOf":{"@id":"https:\/\/creadores.org\/#website"},"primaryImageOfPage":{"@id":"https:\/\/creadores.org\/?asociados=sarda#primaryimage"},"image":{"@id":"https:\/\/creadores.org\/?asociados=sarda#primaryimage"},"thumbnailUrl":"https:\/\/creadores.org\/wp-content\/uploads\/2024\/12\/sarda-logo.png","datePublished":"2025-06-16T13:35:11+00:00","dateModified":"2025-11-26T13:49:41+00:00","breadcrumb":{"@id":"https:\/\/creadores.org\/?asociados=sarda#breadcrumb"},"inLanguage":"es","potentialAction":[{"@type":"ReadAction","target":["https:\/\/creadores.org\/?asociados=sarda"]}]},{"@type":"ImageObject","inLanguage":"es","@id":"https:\/\/creadores.org\/?asociados=sarda#primaryimage","url":"https:\/\/creadores.org\/wp-content\/uploads\/2024\/12\/sarda-logo.png","contentUrl":"https:\/\/creadores.org\/wp-content\/uploads\/2024\/12\/sarda-logo.png","width":446,"height":70},{"@type":"BreadcrumbList","@id":"https:\/\/creadores.org\/?asociados=sarda#breadcrumb","itemListElement":[{"@type":"ListItem","position":1,"name":"Portada","item":"https:\/\/creadores.org\/"},{"@type":"ListItem","position":2,"name":"Asociados","item":"https:\/\/creadores.org\/?post_type=asociados"},{"@type":"ListItem","position":3,"name":"Sarda"}]},{"@type":"WebSite","@id":"https:\/\/creadores.org\/#website","url":"https:\/\/creadores.org\/","name":"Asociación Creadores de Moda de España | ACME","description":"La Asociación Creadores de Moda de España (ACME) es una organización profesional sin ánimo de lucro fundada en 1988","publisher":{"@id":"https:\/\/creadores.org\/#organization"},"potentialAction":[{"@type":"SearchAction","target":{"@type":"EntryPoint","urlTemplate":"https:\/\/creadores.org\/?s={search_term_string}"},"query-input":{"@type":"PropertyValueSpecification","valueRequired":true,"valueName":"search_term_string"}}],"inLanguage":"es"},{"@type":"Organization","@id":"https:\/\/creadores.org\/#organization","name":"Asociación Creadores de Moda de España | ACME","url":"https:\/\/creadores.org\/","logo":{"@type":"ImageObject","inLanguage":"es","@id":"https:\/\/creadores.org\/#\/schema\/logo\/image\/","url":"https:\/\/creadores.org\/wp-content\/uploads\/2025\/06\/acme-logo.svg","contentUrl":"https:\/\/creadores.org\/wp-content\/uploads\/2025\/06\/acme-logo.svg","width":650,"height":119,"caption":"Asociación Creadores de Moda de España | ACME"},"image":{"@id":"https:\/\/creadores.org\/#\/schema\/logo\/image\/"},"sameAs":["https:\/\/www.facebook.com\/Asociación-Creadores-de-Moda-de-España-297009471514\/","https:\/\/x.com\/creadoresacme","https:\/\/www.instagram.com\/creadoresacme\/"]}]}</script>
<!-- / Yoast SEO plugin. -->

Sarda - Asociación Creadores de Moda de España | ACME

SARDA es la firma de lencería para quienes lo quieren todo. SARDA es inesperada pero llevable; es calidad y actitud. SARDA es moda sin prisas. Es presente, pero creada para perdurar. SARDA es la marca que se alinea con tu yo más auténtico y refleja a la mujer poderosa que eres. SARDA celebra tu camino, [&hellip;]

Asociación Creadores de Moda de España | ACME

La Asociación Creadores de Moda de España (ACME) es una organización profesional sin ánimo de lucro fundada en 1988

https://www.facebook.com/Asociación-Creadores-de-Moda-de-España-297009471514/
