{"id":90910,"date":"2025-11-26T14:48:05","date_gmt":"2025-11-26T13:48:05","guid":{"rendered":"https:\/\/creadores.org\/?post_type=asociados&#038;p=90910"},"modified":"2025-11-26T14:48:19","modified_gmt":"2025-11-26T13:48:19","slug":"rosa-clara","status":"publish","type":"asociados","link":"https:\/\/creadores.org\/?asociados=rosa-clara","title":{"rendered":"Rosa Clar\u00e1"},"content":{"rendered":"<p>Rosa Clar\u00e1 fund\u00f3 su marca hom\u00f3nima de vestidos de novia en 1995, con la apertura de su primera tienda en Barcelona, ubicada en el Paseo de Gracia. All\u00ed, empez\u00f3 a escribir una historia apasionante con la que la dise\u00f1adora de moda y empresaria espa\u00f1ola ha cambiado los c\u00f3digos de la moda nupcial para siempre, mientras enamora a novias de todo el mundo con dise\u00f1os de vanguardia que ensalzan la individualidad, el romanticismo y la elegancia.<\/p>\n<p>El esp\u00edritu innovador y su decidida apuesta por la m\u00e1xima calidad en los tejidos y la producci\u00f3n de cada vestido de novia que lleva su firma siguen caracterizando a Rosa Clar\u00e1 hoy en d\u00eda, convertida en un referente mundial con presencia en m\u00e1s de 83 pa\u00edses y m\u00e1s de 4.000 puntos de venta en los 5 continentes.<\/p>\n<p>Con su estilo afianzado, en el a\u00f1o 2002 la firma empez\u00f3 un nuevo cap\u00edtulo con la primera colaboraci\u00f3n con un dise\u00f1ador internacional: el icono de la alta costura Christian Lacroix. Esta alianza, seguida por otras aplaudidas colaboraciones con dise\u00f1adores de prestigio como Karl Lagerfeld, Zuhair Murad, Jes\u00fas del Pozo y Modesto Lomba, supuso el salto definitivo de la firma.<\/p>\n","protected":false},"featured_media":90911,"parent":0,"template":"","class_list":["post-90910","asociados","type-asociados","status-publish","has-post-thumbnail","hentry"],"yoast_head":"<!-- This site is optimized with the Yoast SEO plugin v28.3 - https:\/\/yoast.com\/product\/yoast-seo-wordpress\/ -->\n<title>Rosa Clar\u00e1 - Asociaci\u00f3n Creadores de Moda de Espa\u00f1a | ACME<\/title>\n<meta name=\"robots\" content=\"index, follow, max-snippet:-1, max-image-preview:large, max-video-preview:-1\" \/>\n<link rel=\"canonical\" href=\"https:\/\/creadores.org\/?asociados=rosa-clara\" \/>\n<meta property=\"og:locale\" content=\"es_ES\" \/>\n<meta property=\"og:type\" content=\"article\" \/>\n<meta property=\"og:title\" content=\"Rosa Clar\u00e1 - Asociaci\u00f3n Creadores de Moda de Espa\u00f1a | ACME\" \/>\n<meta property=\"og:description\" content=\"Rosa Clar\u00e1 fund\u00f3 su marca hom\u00f3nima de vestidos de novia en 1995, con la apertura de su primera tienda en Barcelona, ubicada en el Paseo de Gracia. All\u00ed, empez\u00f3 a escribir una historia apasionante con la que la dise\u00f1adora de moda y empresaria espa\u00f1ola ha cambiado los c\u00f3digos de la moda nupcial para siempre, mientras [&hellip;]\" \/>\n<meta property=\"og:url\" content=\"https:\/\/creadores.org\/?asociados=rosa-clara\" \/>\n<meta property=\"og:site_name\" content=\"Asociaci\u00f3n Creadores de Moda de Espa\u00f1a | ACME\" \/>\n<meta property=\"article:publisher\" content=\"https:\/\/www.facebook.com\/Asociaci%c3%b3n-Creadores-de-Moda-de-Espa%c3%b1a-297009471514\/\" \/>\n<meta property=\"article:modified_time\" content=\"2025-11-26T13:48:19+00:00\" \/>\n<meta name=\"twitter:card\" content=\"summary_large_image\" \/>\n<meta name=\"twitter:site\" content=\"@creadoresacme\" \/>\n<meta name=\"twitter:label1\" content=\"Est. reading time\" \/>\n\t<meta name=\"twitter:data1\" content=\"1 minuto\" \/>\n<script type=\"application\/ld+json\" class=\"yoast-schema-graph\">{\"@context\":\"https:\\\/\\\/schema.org\",\"@graph\":[{\"@type\":\"WebPage\",\"@id\":\"https:\\\/\\\/creadores.org\\\/?asociados=rosa-clara\",\"url\":\"https:\\\/\\\/creadores.org\\\/?asociados=rosa-clara\",\"name\":\"Rosa Clar\u00e1 - Asociaci\u00f3n Creadores de Moda de Espa\u00f1a | ACME\",\"isPartOf\":{\"@id\":\"https:\\\/\\\/creadores.org\\\/#website\"},\"primaryImageOfPage\":{\"@id\":\"https:\\\/\\\/creadores.org\\\/?asociados=rosa-clara#primaryimage\"},\"image\":{\"@id\":\"https:\\\/\\\/creadores.org\\\/?asociados=rosa-clara#primaryimage\"},\"thumbnailUrl\":\"https:\\\/\\\/creadores.org\\\/wp-content\\\/uploads\\\/2025\\\/11\\\/rosa-clara-logo.svg\",\"datePublished\":\"2025-11-26T13:48:05+00:00\",\"dateModified\":\"2025-11-26T13:48:19+00:00\",\"breadcrumb\":{\"@id\":\"https:\\\/\\\/creadores.org\\\/?asociados=rosa-clara#breadcrumb\"},\"inLanguage\":\"es\",\"potentialAction\":[{\"@type\":\"ReadAction\",\"target\":[\"https:\\\/\\\/creadores.org\\\/?asociados=rosa-clara\"]}]},{\"@type\":\"ImageObject\",\"inLanguage\":\"es\",\"@id\":\"https:\\\/\\\/creadores.org\\\/?asociados=rosa-clara#primaryimage\",\"url\":\"https:\\\/\\\/creadores.org\\\/wp-content\\\/uploads\\\/2025\\\/11\\\/rosa-clara-logo.svg\",\"contentUrl\":\"https:\\\/\\\/creadores.org\\\/wp-content\\\/uploads\\\/2025\\\/11\\\/rosa-clara-logo.svg\",\"width\":1883,\"height\":273},{\"@type\":\"BreadcrumbList\",\"@id\":\"https:\\\/\\\/creadores.org\\\/?asociados=rosa-clara#breadcrumb\",\"itemListElement\":[{\"@type\":\"ListItem\",\"position\":1,\"name\":\"Portada\",\"item\":\"https:\\\/\\\/creadores.org\\\/\"},{\"@type\":\"ListItem\",\"position\":2,\"name\":\"Asociados\",\"item\":\"https:\\\/\\\/creadores.org\\\/?post_type=asociados\"},{\"@type\":\"ListItem\",\"position\":3,\"name\":\"Rosa Clar\u00e1\"}]},{\"@type\":\"WebSite\",\"@id\":\"https:\\\/\\\/creadores.org\\\/#website\",\"url\":\"https:\\\/\\\/creadores.org\\\/\",\"name\":\"Asociaci\u00f3n Creadores de Moda de Espa\u00f1a | ACME\",\"description\":\"La Asociaci\u00f3n Creadores de Moda de Espa\u00f1a (ACME) es una organizaci\u00f3n profesional sin \u00e1nimo de lucro fundada en 1988\",\"publisher\":{\"@id\":\"https:\\\/\\\/creadores.org\\\/#organization\"},\"potentialAction\":[{\"@type\":\"SearchAction\",\"target\":{\"@type\":\"EntryPoint\",\"urlTemplate\":\"https:\\\/\\\/creadores.org\\\/?s={search_term_string}\"},\"query-input\":{\"@type\":\"PropertyValueSpecification\",\"valueRequired\":true,\"valueName\":\"search_term_string\"}}],\"inLanguage\":\"es\"},{\"@type\":\"Organization\",\"@id\":\"https:\\\/\\\/creadores.org\\\/#organization\",\"name\":\"Asociaci\u00f3n Creadores de Moda de Espa\u00f1a | ACME\",\"url\":\"https:\\\/\\\/creadores.org\\\/\",\"logo\":{\"@type\":\"ImageObject\",\"inLanguage\":\"es\",\"@id\":\"https:\\\/\\\/creadores.org\\\/#\\\/schema\\\/logo\\\/image\\\/\",\"url\":\"https:\\\/\\\/creadores.org\\\/wp-content\\\/uploads\\\/2025\\\/06\\\/acme-logo.svg\",\"contentUrl\":\"https:\\\/\\\/creadores.org\\\/wp-content\\\/uploads\\\/2025\\\/06\\\/acme-logo.svg\",\"width\":650,\"height\":119,\"caption\":\"Asociaci\u00f3n Creadores de Moda de Espa\u00f1a | ACME\"},\"image\":{\"@id\":\"https:\\\/\\\/creadores.org\\\/#\\\/schema\\\/logo\\\/image\\\/\"},\"sameAs\":[\"https:\\\/\\\/www.facebook.com\\\/Asociaci\u00f3n-Creadores-de-Moda-de-Espa\u00f1a-297009471514\\\/\",\"https:\\\/\\\/x.com\\\/creadoresacme\",\"https:\\\/\\\/www.instagram.com\\\/creadoresacme\\\/\"]}]}<\/script>\n<!-- \/ Yoast SEO plugin. -->","yoast_head_json":{"title":"Rosa Clar\u00e1 - Asociaci\u00f3n Creadores de Moda de Espa\u00f1a | ACME","robots":{"index":"index","follow":"follow","max-snippet":"max-snippet:-1","max-image-preview":"max-image-preview:large","max-video-preview":"max-video-preview:-1"},"canonical":"https:\/\/creadores.org\/?asociados=rosa-clara","og_locale":"es_ES","og_type":"article","og_title":"Rosa Clar\u00e1 - Asociaci\u00f3n Creadores de Moda de Espa\u00f1a | ACME","og_description":"Rosa Clar\u00e1 fund\u00f3 su marca hom\u00f3nima de vestidos de novia en 1995, con la apertura de su primera tienda en Barcelona, ubicada en el Paseo de Gracia. All\u00ed, empez\u00f3 a escribir una historia apasionante con la que la dise\u00f1adora de moda y empresaria espa\u00f1ola ha cambiado los c\u00f3digos de la moda nupcial para siempre, mientras [&hellip;]","og_url":"https:\/\/creadores.org\/?asociados=rosa-clara","og_site_name":"Asociaci\u00f3n Creadores de Moda de Espa\u00f1a | ACME","article_publisher":"https:\/\/www.facebook.com\/Asociaci%c3%b3n-Creadores-de-Moda-de-Espa%c3%b1a-297009471514\/","article_modified_time":"2025-11-26T13:48:19+00:00","twitter_card":"summary_large_image","twitter_site":"@creadoresacme","twitter_misc":{"Est. reading time":"1 minuto"},"schema":{"@context":"https:\/\/schema.org","@graph":[{"@type":"WebPage","@id":"https:\/\/creadores.org\/?asociados=rosa-clara","url":"https:\/\/creadores.org\/?asociados=rosa-clara","name":"Rosa Clar\u00e1 - Asociaci\u00f3n Creadores de Moda de Espa\u00f1a | ACME","isPartOf":{"@id":"https:\/\/creadores.org\/#website"},"primaryImageOfPage":{"@id":"https:\/\/creadores.org\/?asociados=rosa-clara#primaryimage"},"image":{"@id":"https:\/\/creadores.org\/?asociados=rosa-clara#primaryimage"},"thumbnailUrl":"https:\/\/creadores.org\/wp-content\/uploads\/2025\/11\/rosa-clara-logo.svg","datePublished":"2025-11-26T13:48:05+00:00","dateModified":"2025-11-26T13:48:19+00:00","breadcrumb":{"@id":"https:\/\/creadores.org\/?asociados=rosa-clara#breadcrumb"},"inLanguage":"es","potentialAction":[{"@type":"ReadAction","target":["https:\/\/creadores.org\/?asociados=rosa-clara"]}]},{"@type":"ImageObject","inLanguage":"es","@id":"https:\/\/creadores.org\/?asociados=rosa-clara#primaryimage","url":"https:\/\/creadores.org\/wp-content\/uploads\/2025\/11\/rosa-clara-logo.svg","contentUrl":"https:\/\/creadores.org\/wp-content\/uploads\/2025\/11\/rosa-clara-logo.svg","width":1883,"height":273},{"@type":"BreadcrumbList","@id":"https:\/\/creadores.org\/?asociados=rosa-clara#breadcrumb","itemListElement":[{"@type":"ListItem","position":1,"name":"Portada","item":"https:\/\/creadores.org\/"},{"@type":"ListItem","position":2,"name":"Asociados","item":"https:\/\/creadores.org\/?post_type=asociados"},{"@type":"ListItem","position":3,"name":"Rosa Clar\u00e1"}]},{"@type":"WebSite","@id":"https:\/\/creadores.org\/#website","url":"https:\/\/creadores.org\/","name":"Asociaci\u00f3n Creadores de Moda de Espa\u00f1a | ACME","description":"La Asociaci\u00f3n Creadores de Moda de Espa\u00f1a (ACME) es una organizaci\u00f3n profesional sin \u00e1nimo de lucro fundada en 1988","publisher":{"@id":"https:\/\/creadores.org\/#organization"},"potentialAction":[{"@type":"SearchAction","target":{"@type":"EntryPoint","urlTemplate":"https:\/\/creadores.org\/?s={search_term_string}"},"query-input":{"@type":"PropertyValueSpecification","valueRequired":true,"valueName":"search_term_string"}}],"inLanguage":"es"},{"@type":"Organization","@id":"https:\/\/creadores.org\/#organization","name":"Asociaci\u00f3n Creadores de Moda de Espa\u00f1a | ACME","url":"https:\/\/creadores.org\/","logo":{"@type":"ImageObject","inLanguage":"es","@id":"https:\/\/creadores.org\/#\/schema\/logo\/image\/","url":"https:\/\/creadores.org\/wp-content\/uploads\/2025\/06\/acme-logo.svg","contentUrl":"https:\/\/creadores.org\/wp-content\/uploads\/2025\/06\/acme-logo.svg","width":650,"height":119,"caption":"Asociaci\u00f3n Creadores de Moda de Espa\u00f1a | ACME"},"image":{"@id":"https:\/\/creadores.org\/#\/schema\/logo\/image\/"},"sameAs":["https:\/\/www.facebook.com\/Asociaci\u00f3n-Creadores-de-Moda-de-Espa\u00f1a-297009471514\/","https:\/\/x.com\/creadoresacme","https:\/\/www.instagram.com\/creadoresacme\/"]}]}},"_links":{"self":[{"href":"https:\/\/creadores.org\/index.php?rest_route=\/wp\/v2\/asociados\/90910","targetHints":{"allow":["GET"]}}],"collection":[{"href":"https:\/\/creadores.org\/index.php?rest_route=\/wp\/v2\/asociados"}],"about":[{"href":"https:\/\/creadores.org\/index.php?rest_route=\/wp\/v2\/types\/asociados"}],"wp:featuredmedia":[{"embeddable":true,"href":"https:\/\/creadores.org\/index.php?rest_route=\/wp\/v2\/media\/90911"}],"wp:attachment":[{"href":"https:\/\/creadores.org\/index.php?rest_route=%2Fwp%2Fv2%2Fmedia&parent=90910"}],"curies":[{"name":"wp","href":"https:\/\/api.w.org\/{rel}","templated":true}]}}

Rosa Clará

<p>Rosa Clará fundó su marca homónima de vestidos de novia en 1995, con la apertura de su primera tienda en Barcelona, ubicada en el Paseo de Gracia. Allí, empezó a escribir una historia apasionante con la que la diseñadora de moda y empresaria española ha cambiado los códigos de la moda nupcial para siempre, mientras enamora a novias de todo el mundo con diseños de vanguardia que ensalzan la individualidad, el romanticismo y la elegancia.</p>
<p>El espíritu innovador y su decidida apuesta por la máxima calidad en los tejidos y la producción de cada vestido de novia que lleva su firma siguen caracterizando a Rosa Clará hoy en día, convertida en un referente mundial con presencia en más de 83 países y más de 4.000 puntos de venta en los 5 continentes.</p>
<p>Con su estilo afianzado, en el año 2002 la firma empezó un nuevo capítulo con la primera colaboración con un diseñador internacional: el icono de la alta costura Christian Lacroix. Esta alianza, seguida por otras aplaudidas colaboraciones con diseñadores de prestigio como Karl Lagerfeld, Zuhair Murad, Jesús del Pozo y Modesto Lomba, supuso el salto definitivo de la firma.</p>

<!-- This site is optimized with the Yoast SEO plugin v28.3 - https://yoast.com/product/yoast-seo-wordpress/ -->
<title>Rosa Clará - Asociación Creadores de Moda de España | ACME</title>
<meta name="robots" content="index, follow, max-snippet:-1, max-image-preview:large, max-video-preview:-1" />
<link rel="canonical" href="https://creadores.org/?asociados=rosa-clara" />
<meta property="og:locale" content="es_ES" />
<meta property="og:type" content="article" />
<meta property="og:title" content="Rosa Clará - Asociación Creadores de Moda de España | ACME" />
<meta property="og:description" content="Rosa Clará fundó su marca homónima de vestidos de novia en 1995, con la apertura de su primera tienda en Barcelona, ubicada en el Paseo de Gracia. Allí, empezó a escribir una historia apasionante con la que la diseñadora de moda y empresaria española ha cambiado los códigos de la moda nupcial para siempre, mientras [&hellip;]" />
<meta property="og:url" content="https://creadores.org/?asociados=rosa-clara" />
<meta property="og:site_name" content="Asociación Creadores de Moda de España | ACME" />
<meta property="article:publisher" content="https://www.facebook.com/Asociaci%c3%b3n-Creadores-de-Moda-de-Espa%c3%b1a-297009471514/" />
<meta property="article:modified_time" content="2025-11-26T13:48:19+00:00" />
<meta name="twitter:card" content="summary_large_image" />
<meta name="twitter:site" content="@creadoresacme" />
<meta name="twitter:label1" content="Est. reading time" />
	<meta name="twitter:data1" content="1 minuto" />
<script type="application/ld+json" class="yoast-schema-graph">{"@context":"https:\/\/schema.org","@graph":[{"@type":"WebPage","@id":"https:\/\/creadores.org\/?asociados=rosa-clara","url":"https:\/\/creadores.org\/?asociados=rosa-clara","name":"Rosa Clará - Asociación Creadores de Moda de España | ACME","isPartOf":{"@id":"https:\/\/creadores.org\/#website"},"primaryImageOfPage":{"@id":"https:\/\/creadores.org\/?asociados=rosa-clara#primaryimage"},"image":{"@id":"https:\/\/creadores.org\/?asociados=rosa-clara#primaryimage"},"thumbnailUrl":"https:\/\/creadores.org\/wp-content\/uploads\/2025\/11\/rosa-clara-logo.svg","datePublished":"2025-11-26T13:48:05+00:00","dateModified":"2025-11-26T13:48:19+00:00","breadcrumb":{"@id":"https:\/\/creadores.org\/?asociados=rosa-clara#breadcrumb"},"inLanguage":"es","potentialAction":[{"@type":"ReadAction","target":["https:\/\/creadores.org\/?asociados=rosa-clara"]}]},{"@type":"ImageObject","inLanguage":"es","@id":"https:\/\/creadores.org\/?asociados=rosa-clara#primaryimage","url":"https:\/\/creadores.org\/wp-content\/uploads\/2025\/11\/rosa-clara-logo.svg","contentUrl":"https:\/\/creadores.org\/wp-content\/uploads\/2025\/11\/rosa-clara-logo.svg","width":1883,"height":273},{"@type":"BreadcrumbList","@id":"https:\/\/creadores.org\/?asociados=rosa-clara#breadcrumb","itemListElement":[{"@type":"ListItem","position":1,"name":"Portada","item":"https:\/\/creadores.org\/"},{"@type":"ListItem","position":2,"name":"Asociados","item":"https:\/\/creadores.org\/?post_type=asociados"},{"@type":"ListItem","position":3,"name":"Rosa Clará"}]},{"@type":"WebSite","@id":"https:\/\/creadores.org\/#website","url":"https:\/\/creadores.org\/","name":"Asociación Creadores de Moda de España | ACME","description":"La Asociación Creadores de Moda de España (ACME) es una organización profesional sin ánimo de lucro fundada en 1988","publisher":{"@id":"https:\/\/creadores.org\/#organization"},"potentialAction":[{"@type":"SearchAction","target":{"@type":"EntryPoint","urlTemplate":"https:\/\/creadores.org\/?s={search_term_string}"},"query-input":{"@type":"PropertyValueSpecification","valueRequired":true,"valueName":"search_term_string"}}],"inLanguage":"es"},{"@type":"Organization","@id":"https:\/\/creadores.org\/#organization","name":"Asociación Creadores de Moda de España | ACME","url":"https:\/\/creadores.org\/","logo":{"@type":"ImageObject","inLanguage":"es","@id":"https:\/\/creadores.org\/#\/schema\/logo\/image\/","url":"https:\/\/creadores.org\/wp-content\/uploads\/2025\/06\/acme-logo.svg","contentUrl":"https:\/\/creadores.org\/wp-content\/uploads\/2025\/06\/acme-logo.svg","width":650,"height":119,"caption":"Asociación Creadores de Moda de España | ACME"},"image":{"@id":"https:\/\/creadores.org\/#\/schema\/logo\/image\/"},"sameAs":["https:\/\/www.facebook.com\/Asociación-Creadores-de-Moda-de-España-297009471514\/","https:\/\/x.com\/creadoresacme","https:\/\/www.instagram.com\/creadoresacme\/"]}]}</script>
<!-- / Yoast SEO plugin. -->

Rosa Clará - Asociación Creadores de Moda de España | ACME

Rosa Clará fundó su marca homónima de vestidos de novia en 1995, con la apertura de su primera tienda en Barcelona, ubicada en el Paseo de Gracia. Allí, empezó a escribir una historia apasionante con la que la diseñadora de moda y empresaria española ha cambiado los códigos de la moda nupcial para siempre, mientras [&hellip;]

Asociación Creadores de Moda de España | ACME

La Asociación Creadores de Moda de España (ACME) es una organización profesional sin ánimo de lucro fundada en 1988

https://www.facebook.com/Asociación-Creadores-de-Moda-de-España-297009471514/
